{"id":12967,"date":"2019-05-11T03:14:57","date_gmt":"2019-05-11T01:14:57","guid":{"rendered":"http:\/\/absi.ch\/new\/?page_id=12967"},"modified":"2021-04-25T03:26:14","modified_gmt":"2021-04-25T01:26:14","slug":"ramadan-2019","status":"publish","type":"page","link":"https:\/\/absi.ch\/new\/ramadan-2019\/","title":{"rendered":"Ramadan 2019"},"content":{"rendered":"<p>\u00a0<\/p>\n<h2>\u00a0<\/h2>\n<h5><em>di Renzo Petraglio<br \/><\/em><\/h5>\n<p style=\"text-align: left;\"><img loading=\"lazy\" decoding=\"async\" class=\"alignnone size-full wp-image-11410\" src=\"http:\/\/absi.ch\/new\/wp-content\/uploads\/2018\/05\/bibbia-e-corano02.jpg\" alt=\"\" width=\"600\" height=\"364\" srcset=\"https:\/\/absi.ch\/new\/wp-content\/uploads\/2018\/05\/bibbia-e-corano02.jpg 600w, https:\/\/absi.ch\/new\/wp-content\/uploads\/2018\/05\/bibbia-e-corano02-300x182.jpg 300w, https:\/\/absi.ch\/new\/wp-content\/uploads\/2018\/05\/bibbia-e-corano02-978x593.jpg 978w\" sizes=\"auto, (max-width: 600px) 100vw, 600px\" \/><\/p>\n<div>\u00a0<\/div>\n<h4><strong>DAL RAMADAN ALLA BIBBIA <br \/><\/strong><\/h4>\n<div>\u00a0<\/div>\n<div>Nelle quattro settimane del Ramadan 2019 Renzo Petraglio propone che ci concentriamo sulla lettura e meditazione della Prima Sura (= Primo capitolo) del Corano, che ha un valore introduttivo ed orientativo dell&#8217;intero libro fondamentale per l&#8217;Islam. Tali riflessioni hanno la consueta immediatezza e profondit\u00e0 e favoriscono un approccio interculturale ed interreligioso concreto e comprensibile ad un vasto novero di destinatari. Buona lettura!<\/div>\n<p>\u00a0<\/p>\n<ul>\n<li>premi\u00e8re semaine<\/li>\n<\/ul>\n<h5><a href=\"http:\/\/absi.ch\/new\/2019\/05\/ramadan-2019-premiere-semaine\/\">\u00ab Dieu, le tout mis\u00e9ricordieux, le tr\u00e8s mis\u00e9ricordieux \u00bb<\/a><\/h5>\n<ul>\n<li>deuxi\u00e8me semaine<\/li>\n<\/ul>\n<h5><a href=\"http:\/\/absi.ch\/new\/2019\/05\/ramadan-2019-deuxieme-semaine\/\">\u00ab Louange \u00e0 Dieu, le Seigneur du monde ! \u00bb (Sourate 1,2)<\/a><\/h5>\n<ul>\n<li>troisi\u00e8me semaine<\/li>\n<\/ul>\n<h5><a href=\"http:\/\/absi.ch\/new\/2019\/05\/ramadan-2019-troisieme-semaine\/\">\u00ab C\u2019est toi que nous adorons, c\u2019est toi celui dont nous demandons l\u2019aide \u00bb<\/a><\/h5>\n<ul>\n<li>quatri\u00e8me semaine<\/li>\n<\/ul>\n<h5><a href=\"http:\/\/absi.ch\/new\/2019\/05\/ramadan-2019-quatrieme-semaine\/\">\u00ab Dirige-nous vers le chemin droit, le chemin de ceux que tu as gratifi\u00e9s \u00bb (Sourate 1,6-7)<\/a><\/h5>\n<p>\u00a0<\/p>\n<h5>\u00a0<\/h5>\n<p>[\/one_third][one_third][\/one_third][one_third][\/one_third][\/layout_group][\/layout]<\/p>\n\n<div id=\"themify_builder_content-12967\" data-postid=\"12967\" class=\"themify_builder_content themify_builder_content-12967 themify_builder\">\n    <\/div>\n\n","protected":false},"excerpt":{"rendered":"<p>\u00a0 \u00a0 di Renzo Petraglio \u00a0 DAL RAMADAN ALLA BIBBIA \u00a0 Nelle quattro settimane del Ramadan 2019 Renzo Petraglio propone che ci concentriamo sulla lettura e meditazione della Prima Sura (= Primo capitolo) del Corano, che ha un valore introduttivo ed orientativo dell&#8217;intero libro fondamentale per l&#8217;Islam. Tali riflessioni hanno la consueta immediatezza e profondit\u00e0 [&hellip;]<\/p>\n","protected":false},"author":1,"featured_media":0,"parent":0,"menu_order":0,"comment_status":"closed","ping_status":"closed","template":"","meta":{"footnotes":""},"class_list":["post-12967","page","type-page","status-publish","hentry","has-post-title","no-post-date","has-post-category","has-post-tag","has-post-comment","has-post-author",""],"builder_content":"","_links":{"self":[{"href":"https:\/\/absi.ch\/new\/wp-json\/wp\/v2\/pages\/12967","targetHints":{"allow":["GET"]}}],"collection":[{"href":"https:\/\/absi.ch\/new\/wp-json\/wp\/v2\/pages"}],"about":[{"href":"https:\/\/absi.ch\/new\/wp-json\/wp\/v2\/types\/page"}],"author":[{"embeddable":true,"href":"https:\/\/absi.ch\/new\/wp-json\/wp\/v2\/users\/1"}],"replies":[{"embeddable":true,"href":"https:\/\/absi.ch\/new\/wp-json\/wp\/v2\/comments?post=12967"}],"version-history":[{"count":9,"href":"https:\/\/absi.ch\/new\/wp-json\/wp\/v2\/pages\/12967\/revisions"}],"predecessor-version":[{"id":16275,"href":"https:\/\/absi.ch\/new\/wp-json\/wp\/v2\/pages\/12967\/revisions\/16275"}],"wp:attachment":[{"href":"https:\/\/absi.ch\/new\/wp-json\/wp\/v2\/media?parent=12967"}],"curies":[{"name":"wp","href":"https:\/\/api.w.org\/{rel}","templated":true}]}}

<p> </p>
<h2> </h2>
<h5><em>di Renzo Petraglio<br /></em></h5>
<p style="text-align: left;"><img loading="lazy" decoding="async" class="alignnone size-full wp-image-11410" src="http://absi.ch/new/wp-content/uploads/2018/05/bibbia-e-corano02.jpg" alt="" width="600" height="364" srcset="https://absi.ch/new/wp-content/uploads/2018/05/bibbia-e-corano02.jpg 600w, https://absi.ch/new/wp-content/uploads/2018/05/bibbia-e-corano02-300x182.jpg 300w, https://absi.ch/new/wp-content/uploads/2018/05/bibbia-e-corano02-978x593.jpg 978w" sizes="auto, (max-width: 600px) 100vw, 600px" /></p>
<div> </div>
<h4><strong>DAL RAMADAN ALLA BIBBIA <br /></strong></h4>
<div> </div>
<div>Nelle quattro settimane del Ramadan 2019 Renzo Petraglio propone che ci concentriamo sulla lettura e meditazione della Prima Sura (= Primo capitolo) del Corano, che ha un valore introduttivo ed orientativo dell&#8217;intero libro fondamentale per l&#8217;Islam. Tali riflessioni hanno la consueta immediatezza e profondità e favoriscono un approccio interculturale ed interreligioso concreto e comprensibile ad un vasto novero di destinatari. Buona lettura!</div>
<p> </p>
<ul>
<li>première semaine</li>
</ul>
<h5><a href="http://absi.ch/new/2019/05/ramadan-2019-premiere-semaine/">« Dieu, le tout miséricordieux, le très miséricordieux »</a></h5>
<ul>
<li>deuxième semaine</li>
</ul>
<h5><a href="http://absi.ch/new/2019/05/ramadan-2019-deuxieme-semaine/">« Louange à Dieu, le Seigneur du monde ! » (Sourate 1,2)</a></h5>
<ul>
<li>troisième semaine</li>
</ul>
<h5><a href="http://absi.ch/new/2019/05/ramadan-2019-troisieme-semaine/">« C’est toi que nous adorons, c’est toi celui dont nous demandons l’aide »</a></h5>
<ul>
<li>quatrième semaine</li>
</ul>
<h5><a href="http://absi.ch/new/2019/05/ramadan-2019-quatrieme-semaine/">« Dirige-nous vers le chemin droit, le chemin de ceux que tu as gratifiés » (Sourate 1,6-7)</a></h5>
<p> </p>
<h5> </h5>
<p>[/one_third][one_third][/one_third][one_third][/one_third][/layout_group][/layout]</p>

<div id="themify_builder_content-12967" data-postid="12967" class="themify_builder_content themify_builder_content-12967 themify_builder">
    </div>

<p>    di Renzo Petraglio   DAL RAMADAN ALLA BIBBIA   Nelle quattro settimane del Ramadan 2019 Renzo Petraglio propone che ci concentriamo sulla lettura e meditazione della Prima Sura (= Primo capitolo) del Corano, che ha un valore introduttivo ed orientativo dell&#8217;intero libro fondamentale per l&#8217;Islam. Tali riflessioni hanno la consueta immediatezza e profondità [&hellip;]</p>
