{"id":16975,"date":"2022-03-06T04:27:37","date_gmt":"2022-03-06T03:27:37","guid":{"rendered":"https:\/\/absi.ch\/new\/?page_id=16975"},"modified":"2022-04-10T02:27:06","modified_gmt":"2022-04-10T00:27:06","slug":"quaresima-2022","status":"publish","type":"page","link":"https:\/\/absi.ch\/new\/quaresima-2022\/","title":{"rendered":"Quaresima 2022"},"content":{"rendered":"<div id=\"themify_builder_content-16975\" data-postid=\"16975\" class=\"themify_builder_content themify_builder_content-16975 themify_builder\">\n    \t<!-- module_row -->\n\t<div   class=\"themify_builder_row module_row clearfix module_row_0 themify_builder_16975_row module_row_16975-0 tb_p7qh654\">\n\t    \t    <div class=\"row_inner col_align_top\" >\n\t\t\t<div  class=\"module_column tb-column col-full first tb_16975_column module_column_0 module_column_16975-0-0 tb_s37n655\">\n\t    \t    \t        <div class=\"tb-column-inner\">\n\t\t    <!-- module text -->\n<div  class=\"module module-text tb_lsbp38    \">\n            <div  class=\"tb_text_wrap\">\n    <h3 style=\"text-align: left;\">Dalla Bibbia al Corano<\/h3>    <\/div>\n<\/div>\n<!-- \/module text -->\n\t        <\/div>\n\t    \t<\/div>\n\t\t    <\/div>\n\t    <!-- \/row_inner -->\n\t<\/div>\n\t<!-- \/module_row -->\n\t\t<!-- module_row -->\n\t<div  class=\"themify_builder_row module_row clearfix module_row_1 themify_builder_16975_row module_row_16975-1 tb_g5qu100\">\n\t    \t    <div class=\"row_inner col_align_top\" >\n\t\t\t<div  class=\"module_column tb-column col2-1 first tb_16975_column module_column_0 module_column_16975-1-0 tb_z9bq102\">\n\t    \t    \t<\/div>\n\t\t<div  class=\"module_column tb-column col2-1 last tb_16975_column module_column_1 module_column_16975-1-1 tb_3qy4102\">\n\t    \t    \t<\/div>\n\t\t    <\/div>\n\t    <!-- \/row_inner -->\n\t<\/div>\n\t<!-- \/module_row -->\n\t\t<!-- module_row -->\n\t<div   class=\"themify_builder_row module_row clearfix module_row_2 themify_builder_16975_row module_row_16975-2 tb_r0cl233\">\n\t    \t    <div class=\"row_inner col_align_top\" >\n\t\t\t<div  class=\"module_column tb-column col2-1 first tb_16975_column module_column_0 module_column_16975-2-0 tb_k4vx233\" style=\"width: 47.8%\">\n\t    \t    \t        <div class=\"tb-column-inner\">\n\t\t    <!-- module text -->\n<div  class=\"module module-text tb_01pg383    \">\n            <div  class=\"tb_text_wrap\">\n    <p>\u00a0<\/p>\n<p><a href=\"https:\/\/absi.ch\/new\/wp-content\/uploads\/2022\/03\/Agony-in-the-Garden-Giaquinto-scaled-1.jpg\"><img loading=\"lazy\" decoding=\"async\" class=\"alignnone  wp-image-16971\" src=\"https:\/\/absi.ch\/new\/wp-content\/uploads\/2022\/03\/Agony-in-the-Garden-Giaquinto-scaled-1-231x300.jpg\" alt=\"\" width=\"481\" height=\"625\" srcset=\"https:\/\/absi.ch\/new\/wp-content\/uploads\/2022\/03\/Agony-in-the-Garden-Giaquinto-scaled-1-231x300.jpg 231w, https:\/\/absi.ch\/new\/wp-content\/uploads\/2022\/03\/Agony-in-the-Garden-Giaquinto-scaled-1-1113x1443.jpg 1113w, https:\/\/absi.ch\/new\/wp-content\/uploads\/2022\/03\/Agony-in-the-Garden-Giaquinto-scaled-1-768x996.jpg 768w, https:\/\/absi.ch\/new\/wp-content\/uploads\/2022\/03\/Agony-in-the-Garden-Giaquinto-scaled-1.jpg 1481w\" sizes=\"auto, (max-width: 481px) 100vw, 481px\" \/><\/a><\/p>    <\/div>\n<\/div>\n<!-- \/module text -->\n\t        <\/div>\n\t    \t<\/div>\n\t\t<div  class=\"module_column tb-column col2-1 last tb_16975_column module_column_1 module_column_16975-2-1 tb_rjr2233\" style=\"width: 49%\">\n\t    \t    \t        <div class=\"tb-column-inner\">\n\t\t    <!-- module text -->\n<div  class=\"module module-text tb_fmcu569    \">\n            <div  class=\"tb_text_wrap\">\n    <p>Riprendono le letture interreligiose curate con efficacia e competenza da Renzo Petraglio. Nel percorso quaresimale e in quello del Ramadan 2022 l&#8217;argomento centrale sar\u00f2 la figura di Ges\u00f9 di Nazareth.<\/p>\n<p>Buona lettura!<\/p>\n<ul>\n<li>premi\u00e8re semaine<br \/><a href=\"https:\/\/absi.ch\/new\/2022\/03\/careme-premiere-semaine\/\">Adam et J\u00e9sus<\/a><\/li>\n<\/ul>\n<div class=\"page\" title=\"Page 1\">\n<div class=\"layoutArea\">\n<div class=\"column\">\n<ul>\n<li>deuxie\u0300me semaine<br \/><a href=\"https:\/\/absi.ch\/new\/2022\/03\/careme-2022-deuxieme-semaine\/\">Je\u0301sus venu pour porter a\u0300 l\u2019accomplissement la Loi et les Prophe\u0300tes et pour nous porter l\u2019E\u0301vangile<\/a><\/li>\n<\/ul>\n<div class=\"layoutArea\">\n<div class=\"column\">\n<ul>\n<li>troisie\u0300me semaine<br \/><a href=\"https:\/\/absi.ch\/new\/2022\/03\/careme-2022-troisieme-semaine\/\">A Cana : un signe<\/a><\/li>\n<\/ul>\n<\/div>\n<ul>\n<li>quatri\u00e8me semaine<br \/><a href=\"https:\/\/absi.ch\/new\/2022\/03\/careme-2022-quatrieme-semaine\/\">J\u00e9sus : un don du ciel<\/a><\/li>\n<\/ul>\n<ul>\n<li>cinqui\u00e8me semaine<br \/><a href=\"https:\/\/absi.ch\/new\/2022\/04\/careme-2022-cinquieme-semaine\/\" target=\"_blank\" rel=\"noopener\">J\u00e9sus, mon serviteur que j\u2019ai choisi<\/a><\/li>\n<\/ul>\n<ul>\n<li>sixi\u00e8me semaine &#8211; Ramadan: premi\u00e8re semaine<br \/><a href=\"https:\/\/absi.ch\/new\/2022\/04\/careme-2022-sixieme-semaine\/\">Le dernier repas de J\u00e9sus<\/a><br \/><br \/><\/li>\n<\/ul>\n<p>\u00a0<\/p>\n<p>\u00a0<\/p>\n<\/div>\n<\/div>\n<\/div>\n<\/div>    <\/div>\n<\/div>\n<!-- \/module text -->\n\t        <\/div>\n\t    \t<\/div>\n\t\t    <\/div>\n\t    <!-- \/row_inner -->\n\t<\/div>\n\t<!-- \/module_row -->\n\t<\/div>\n\n\n\n\n<p><\/p>\n","protected":false},"excerpt":{"rendered":"<p>Dalla Bibbia al Corano \u00a0 Riprendono le letture interreligiose curate con efficacia e competenza da Renzo Petraglio. Nel percorso quaresimale e in quello del Ramadan 2022 l&#8217;argomento centrale sar\u00f2 la figura di Ges\u00f9 di Nazareth. Buona lettura! premi\u00e8re semaineAdam et J\u00e9sus deuxie\u0300me semaineJe\u0301sus venu pour porter a\u0300 l\u2019accomplissement la Loi et les Prophe\u0300tes et pour [&hellip;]<\/p>\n","protected":false},"author":1,"featured_media":0,"parent":0,"menu_order":0,"comment_status":"closed","ping_status":"closed","template":"","meta":{"footnotes":""},"class_list":["post-16975","page","type-page","status-publish","hentry","has-post-title","no-post-date","has-post-category","has-post-tag","has-post-comment","has-post-author",""],"builder_content":"<h3 style=\"text-align: left;\">Dalla Bibbia al Corano<\/h3>\n<p>\u00a0<\/p> <p><a href=\"https:\/\/absi.ch\/new\/wp-content\/uploads\/2022\/03\/Agony-in-the-Garden-Giaquinto-scaled-1.jpg\"><img loading=\"lazy\" decoding=\"async\" src=\"https:\/\/absi.ch\/new\/wp-content\/uploads\/2022\/03\/Agony-in-the-Garden-Giaquinto-scaled-1-231x300.jpg\" alt=\"\" width=\"481\" height=\"625\" srcset=\"https:\/\/absi.ch\/new\/wp-content\/uploads\/2022\/03\/Agony-in-the-Garden-Giaquinto-scaled-1-231x300.jpg 231w, https:\/\/absi.ch\/new\/wp-content\/uploads\/2022\/03\/Agony-in-the-Garden-Giaquinto-scaled-1-1113x1443.jpg 1113w, https:\/\/absi.ch\/new\/wp-content\/uploads\/2022\/03\/Agony-in-the-Garden-Giaquinto-scaled-1-768x996.jpg 768w, https:\/\/absi.ch\/new\/wp-content\/uploads\/2022\/03\/Agony-in-the-Garden-Giaquinto-scaled-1.jpg 1481w\" sizes=\"auto, (max-width: 481px) 100vw, 481px\" \/><\/a><\/p>\n<p>Riprendono le letture interreligiose curate con efficacia e competenza da Renzo Petraglio. Nel percorso quaresimale e in quello del Ramadan 2022 l'argomento centrale sar\u00f2 la figura di Ges\u00f9 di Nazareth.<\/p> <p>Buona lettura!<\/p> <ul> <li>premi\u00e8re semaine<br \/><a href=\"https:\/\/absi.ch\/new\/2022\/03\/careme-premiere-semaine\/\">Adam et J\u00e9sus<\/a><\/li> <\/ul>\n<ul> <li>deuxie\u0300me semaine<br \/><a href=\"https:\/\/absi.ch\/new\/2022\/03\/careme-2022-deuxieme-semaine\/\">Je\u0301sus venu pour porter a\u0300 l\u2019accomplissement la Loi et les Prophe\u0300tes et pour nous porter l\u2019E\u0301vangile<\/a><\/li> <\/ul>\n<ul> <li>troisie\u0300me semaine<br \/><a href=\"https:\/\/absi.ch\/new\/2022\/03\/careme-2022-troisieme-semaine\/\">A Cana : un signe<\/a><\/li> <\/ul>\n<ul> <li>quatri\u00e8me semaine<br \/><a href=\"https:\/\/absi.ch\/new\/2022\/03\/careme-2022-quatrieme-semaine\/\">J\u00e9sus : un don du ciel<\/a><\/li> <\/ul> <ul> <li>cinqui\u00e8me semaine<br \/><a href=\"https:\/\/absi.ch\/new\/2022\/04\/careme-2022-cinquieme-semaine\/\" target=\"_blank\" rel=\"noopener\">J\u00e9sus, mon serviteur que j\u2019ai choisi<\/a><\/li> <\/ul> <ul> <li>sixi\u00e8me semaine - Ramadan: premi\u00e8re semaine<br \/><a href=\"https:\/\/absi.ch\/new\/2022\/04\/careme-2022-sixieme-semaine\/\">Le dernier repas de J\u00e9sus<\/a><br \/><br \/><\/li> <\/ul> <p>\u00a0<\/p> <p>\u00a0<\/p>","_links":{"self":[{"href":"https:\/\/absi.ch\/new\/wp-json\/wp\/v2\/pages\/16975","targetHints":{"allow":["GET"]}}],"collection":[{"href":"https:\/\/absi.ch\/new\/wp-json\/wp\/v2\/pages"}],"about":[{"href":"https:\/\/absi.ch\/new\/wp-json\/wp\/v2\/types\/page"}],"author":[{"embeddable":true,"href":"https:\/\/absi.ch\/new\/wp-json\/wp\/v2\/users\/1"}],"replies":[{"embeddable":true,"href":"https:\/\/absi.ch\/new\/wp-json\/wp\/v2\/comments?post=16975"}],"version-history":[{"count":16,"href":"https:\/\/absi.ch\/new\/wp-json\/wp\/v2\/pages\/16975\/revisions"}],"predecessor-version":[{"id":17127,"href":"https:\/\/absi.ch\/new\/wp-json\/wp\/v2\/pages\/16975\/revisions\/17127"}],"wp:attachment":[{"href":"https:\/\/absi.ch\/new\/wp-json\/wp\/v2\/media?parent=16975"}],"curies":[{"name":"wp","href":"https:\/\/api.w.org\/{rel}","templated":true}]}}