{"id":1975,"date":"2014-05-02T11:54:06","date_gmt":"2014-05-02T09:54:06","guid":{"rendered":"http:\/\/absi.ch\/new\/?page_id=1975"},"modified":"2017-05-04T21:30:07","modified_gmt":"2017-05-04T19:30:07","slug":"eventi-esterni","status":"publish","type":"page","link":"https:\/\/absi.ch\/new\/eventi-esterni\/","title":{"rendered":"Eventi esterni"},"content":{"rendered":"<p>[layout][layout_group][one_sixth]<\/p>\n<h2>Attivit\u00e0 esterne 2014-2016<\/h2>\n<p>&nbsp;<\/p>\n<ul>\n<li>Milano &#8211; Comunit\u00e0 Pastorale S. Giovanni XXIII &#8211; 20.11.2016<br \/>\n<a href=\"http:\/\/absi.ch\/new\/2016\/11\/7836\/\">GES\u00d9 DI NAZARETH ERA EBREO O CRISTIANO?<\/a><br \/>\nOsservazioni generali e lettura di testi<\/li>\n<\/ul>\n<ul>\n<li>Milano &#8211; Comunit\u00e0 Pastorale S. Giovanni XXIII<br \/>\nAprile\/Maggio\/Giugno 2016<br \/>\n<a href=\"http:\/\/absi.ch\/new\/2015\/05\/milano-proposta\/\">\u201cVoglio avvicinarmi Es 3,3)\u201d<\/a><br \/>\n<a href=\"http:\/\/absi.ch\/new\/2015\/05\/milano-proposta\/\">Proposta di scuola biblica in due quadri<\/a><\/li>\n<\/ul>\n<ul>\n<li>SUBLIMAR &#8211; FESTIVAL INTERNAZIONALE DI LETTERATURA RELIGIOSA E SPIRITUALE<br \/>\n7 giugno 2015<br \/>\n<a href=\"http:\/\/absi.ch\/new\/2015\/05\/giornata-internazionale-di-letteratura-religiosa-e-spirituale\/\" target=\"_blank\">\u201cIl Dialogo, Nutrimento delle Coscienze\u201d<\/a><\/li>\n<\/ul>\n<ul>\n<li>Scuola ticinese e cultura religiosa:<br \/>\nConvegno &#8211; 23 maggio 2015<br \/>\n<a href=\"http:\/\/absi.ch\/new\/2015\/05\/convegno_23-5-2015\/\">La formazione di adolescenti e giovani nel mondo interreligioso e interculturale di oggi e domani<\/a><\/li>\n<\/ul>\n<ul>\n<li>Ciclo di incontri <em>Riflessioni in Corso<\/em><br \/>\n21 maggio 2015<br \/>\n<a href=\"http:\/\/absi.ch\/new\/2015\/05\/donne-e-uomini\/\" target=\"_blank\">Donne e uomini<\/a><\/li>\n<\/ul>\n<ul>\n<li>Presentazione del libro di G. Rispoli e V. Mancuso<br \/>\n<a href=\"http:\/\/absi.ch\/new\/2015\/05\/la-bellezza-la-legge-e-dio\/\" target=\"_blank\">La bellezza, la legge e Dio<\/a><br \/>\n11 maggio 2015<\/li>\n<\/ul>\n<ul>\n<li>Festival Biblico<br \/>\n21-24 maggio 2015<br \/>\n<a href=\"http:\/\/absi.ch\/new\/2015\/05\/festival-biblico\/\">Custodire il Creato, coltivare l&#8217;Umano<\/a><\/li>\n<\/ul>\n<ul>\n<li>Lanciano-Ortona<br \/>\n5 maggio 2015<br \/>\n<a href=\"http:\/\/absi.ch\/new\/2015\/05\/parola-e-legge-prospettive-famigliari\/\">\u201cParola e Legge: Prospettive Famigliari\u201d<\/a><\/li>\n<\/ul>\n<ul>\n<li>Meditazione sulla Passione<br \/>\n29 marzo 2015<br \/>\n<a href=\"http:\/\/absi.ch\/new\/2015\/03\/in-manus-tuas\/\" target=\"_blank\">IN MANUS TUAS<\/a><\/li>\n<\/ul>\n<p>[\/one_sixth][one_sixth]<\/p>\n<ul>\n<li>Conferenze serali Primavera 2015<\/li>\n<\/ul>\n<p><a href=\"http:\/\/absi.ch\/new\/2015\/03\/cattedra-rosmini\/\">Cattedra Rosmini EXCHANGE<\/a><br \/>\n<a href=\"http:\/\/absi.ch\/new\/2015\/03\/cattedra-rosmini\/\"> Network Culturale<\/a><\/p>\n<ul>\n<li>Conferenza Missionaria Svizzera Italiana<br \/>\n<a href=\"http:\/\/absi.ch\/new\/2015\/02\/vangelo-gioia-che-fa-ardere\/\">VANGELO: GIOIA CHE FA ARDERE IL CUORE<\/a><\/li>\n<\/ul>\n<p>Mendrisio &#8211; Centro Presenza Sud<br \/>\nsabato 7 marzo 2015 &#8211; 0re 09.00 &#8211; 13.00<\/p>\n<ul>\n<li>Associazione forum svizzero per il<br \/>\ndialogo interreligioso e interculturale<br \/>\n<a href=\"http:\/\/absi.ch\/new\/2015\/02\/semi-di-pace\/\">&#8220;SEMI DI PACE&#8221;<\/a><strong><br \/>\n<\/strong><\/li>\n<\/ul>\n<p>26-28\u00a0 febbraio 2015<\/p>\n<ul>\n<li><a href=\"http:\/\/absi.ch\/new\/2015\/01\/la-shoah-come-tragedia-e-interrogativo-su-dio\/\">LA SHOAH COME TRAGEDIA E INTERROGATIVO SU DIO<\/a><\/li>\n<\/ul>\n<p>2 febbraio 2015 &#8211; ore 18 \u2013 Ambrosiana, Piazza Pio XI, 2<\/p>\n<ul>\n<li>Letture di Nuovi Classici per il III Millennio<\/li>\n<\/ul>\n<p><a href=\"http:\/\/absi.ch\/new\/wp-content\/uploads\/2014\/05\/LNC+2014-2015+Locandina-1.pdf\" target=\"_blank\">FEDE, LOGOS, ETHOS<\/a><\/p>\n<p>In Ambrosiana (Milano, Piazza Pio XI, 2 ore 18-20 nella Sala delle Accademie), \u00e8 in corso un ciclo di incontri che prevede la lettura e il commento di un Classico \u2013 scelto generalmente tra Autori delle Tradizioni ebraica, cristiana e islamica dal IX al XIII secolo \u2013 e il commento da parte di un esperto, con l\u2019intervento di un moderatore che incoragger\u00e0 e faciliter\u00e0 la pi\u00f9 ampia discussione tra il pubblico. La serie di 9 incontri nel 2014\/2015 ha cadenza mensile, altri ne seguiranno nel secondo semestre 2015.<br \/>\n<a href=\"http:\/\/absi.ch\/new\/wp-content\/uploads\/2014\/05\/LNC+2014-2015+Locandina-1.pdf\" target=\"_blank\"><em>&gt; locandina (pdf)<\/em><\/a><\/p>\n<ul>\n<li>Studi Biblici Comboni<\/li>\n<\/ul>\n<p><a href=\"Verona 9-14 febbraio 2015\">SETTIMANA DI STUDI BIBLICI &#8211; OPERA LUCANA<\/a><\/p>\n<p>Verona 9-14 febbraio 2015<br \/>\n[\/one_sixth][one_sixth]<\/p>\n<ul>\n<li>Lanciano-Ortona <em><span style=\"background: yellow none repeat scroll 0% 0%;\">(con registrazione)<\/span><\/em><\/li>\n<\/ul>\n<p>AGGIORNAMENTO DIOCESANO ANNUALE 2014-2015<br \/>\nIN CAMMINO VERSO FIRENZE 2015<em><br \/>\n<a href=\"http:\/\/absi.ch\/new\/2015\/01\/ortona-10-gennaio-2015\/\" target=\"_blank\">L\u2019umanesimo del Vangelo di Ges\u00f9 di Nazareth:<\/a><br \/>\n<a href=\"http:\/\/absi.ch\/new\/2015\/01\/ortona-10-gennaio-2015\/\" target=\"_blank\"> piste di formazione nel vangelo secondo Marco<\/a><\/em><\/p>\n<ul>\n<li>SUBLIMAR<\/li>\n<\/ul>\n<p><a href=\"http:\/\/absi.ch\/new\/2014\/11\/sublimar-2\/\">CENE LETTERARIE<\/a><strong><br \/>\n<\/strong><\/p>\n<p>Milano, 9 novembre 2014<\/p>\n<ul>\n<li><a href=\"http:\/\/absi.ch\/new\/2014\/09\/perche-forte-come-la-morte-e-lamore\/\">ORATORIO SUL CANTICO DEI CANTICI<\/a><\/li>\n<\/ul>\n<p>(27.9. \/ 18.10. \/ 14.12.2014)<\/p>\n<ul>\n<li><strong>I SENSI DEL SILENZIO<\/strong><\/li>\n<\/ul>\n<p><a href=\"http:\/\/absi.ch\/new\/2014\/09\/3474\/\">ESPOSIZIONI \/ CONFERENZE \/ FILM \/ ATTIVIT\u00c0<\/a><\/p>\n<p>(11 ottobre \u2014 20 dicembre 2014)<\/p>\n<ul>\n<li><a href=\"http:\/\/absi.ch\/new\/wp-content\/uploads\/2014\/09\/Ciclo-biblico-2014.pdf\" target=\"_blank\">BIBBIA E LETTERATURA<\/a><\/li>\n<\/ul>\n<p>Ciclo di quattro conferenze<\/p>\n<p>Da marted\u00ec 7 ottobre a marted\u00ec 4 novembre 2014<\/p>\n<p>L&#8217;Associazione Biblioteca Salita dei Frati propone anche quest&#8217;anno un ciclo di incontri biblici, dedicati all&#8217;influsso esercitato dalla Bibbia sulle letterature europee, secondo il programma indicato sull&#8217;opuscolo allegato.<\/p>\n<p style=\"padding-left: 30px;\"><a href=\"http:\/\/absi.ch\/new\/wp-content\/uploads\/2014\/09\/Ciclo-biblico-2014.pdf\" target=\"_blank\"><em>Ciclo biblico 2014 (pdf)<\/em><\/a><\/p>\n<ul>\n<li><strong>Invito alla mostra SMENS<\/strong><\/li>\n<\/ul>\n<p>Biblioteca Salita dei Frati di Lugano 11 ottobre \u2013 15 novembre 2014<\/p>\n<p style=\"padding-left: 30px;\"><a href=\"http:\/\/absi.ch\/new\/wp-content\/uploads\/2014\/09\/Ciclo-biblico-2014.pdf\" target=\"_blank\"><em>&gt; opuscolo (pdf)<\/em><\/a><\/p>\n<p>[\/one_sixth][one_sixth][\/one_sixth][one_sixth][\/one_sixth][one_sixth][\/one_sixth][\/layout_group][\/layout]<\/p>\n<div id=\"themify_builder_content-1975\" data-postid=\"1975\" class=\"themify_builder_content themify_builder_content-1975 themify_builder\">\n    <\/div>\n<!-- \/themify_builder_content -->\n","protected":false},"excerpt":{"rendered":"<p>[layout][layout_group][one_sixth] Attivit\u00e0 esterne 2014-2016 &nbsp; Milano &#8211; Comunit\u00e0 Pastorale S. Giovanni XXIII &#8211; 20.11.2016 GES\u00d9 DI NAZARETH ERA EBREO O CRISTIANO? Osservazioni generali e lettura di testi Milano &#8211; Comunit\u00e0 Pastorale S. Giovanni XXIII Aprile\/Maggio\/Giugno 2016 \u201cVoglio avvicinarmi Es 3,3)\u201d Proposta di scuola biblica in due quadri SUBLIMAR &#8211; FESTIVAL INTERNAZIONALE DI LETTERATURA RELIGIOSA E [&hellip;]<\/p>\n","protected":false},"author":1,"featured_media":0,"parent":0,"menu_order":0,"comment_status":"closed","ping_status":"open","template":"","meta":{"footnotes":""},"class_list":["post-1975","page","type-page","status-publish","hentry","has-post-title","no-post-date","has-post-category","has-post-tag","has-post-comment","has-post-author",""],"builder_content":"","_links":{"self":[{"href":"https:\/\/absi.ch\/new\/wp-json\/wp\/v2\/pages\/1975","targetHints":{"allow":["GET"]}}],"collection":[{"href":"https:\/\/absi.ch\/new\/wp-json\/wp\/v2\/pages"}],"about":[{"href":"https:\/\/absi.ch\/new\/wp-json\/wp\/v2\/types\/page"}],"author":[{"embeddable":true,"href":"https:\/\/absi.ch\/new\/wp-json\/wp\/v2\/users\/1"}],"replies":[{"embeddable":true,"href":"https:\/\/absi.ch\/new\/wp-json\/wp\/v2\/comments?post=1975"}],"version-history":[{"count":105,"href":"https:\/\/absi.ch\/new\/wp-json\/wp\/v2\/pages\/1975\/revisions"}],"predecessor-version":[{"id":9182,"href":"https:\/\/absi.ch\/new\/wp-json\/wp\/v2\/pages\/1975\/revisions\/9182"}],"wp:attachment":[{"href":"https:\/\/absi.ch\/new\/wp-json\/wp\/v2\/media?parent=1975"}],"curies":[{"name":"wp","href":"https:\/\/api.w.org\/{rel}","templated":true}]}}