{"id":2226,"date":"2014-05-18T00:38:11","date_gmt":"2014-05-17T22:38:11","guid":{"rendered":"http:\/\/absi.ch\/new\/?page_id=2226"},"modified":"2015-08-23T01:30:29","modified_gmt":"2015-08-22T23:30:29","slug":"201405vg_maggi_18-5-14_cont","status":"publish","type":"page","link":"https:\/\/absi.ch\/new\/201405vg_maggi_18-5-14_cont\/","title":{"rendered":"2014\/05\/vg_maggi_18-5-14_cont"},"content":{"rendered":"<p>[layout][layout_group][one_fourth]<span style=\"color: #000000;\"><span style=\"font-family: Century Gothic,sans-serif;\"><span style=\"font-size: small;\">quali lui comunica e arricchisce la vita degli altri \u2013 sono l\u2019unico criterio di credibilit\u00e0. <\/span><\/span><\/span><\/p>\n<p align=\"LEFT\"><span style=\"color: #000000;\"><span style=\"font-family: Century Gothic,sans-serif;\"><span style=\"font-size: small;\">Il finale \u00e8 espresso in formula solenne, con l\u2019Amen, Amen, cio\u00e8 <i>\u201c<\/i><i>\u00ab<\/i><i>In verit\u00e0, in verit\u00e0 vi dico: chi crede in me, anch\u2019egli compir\u00e0 le opere che io compio<\/i><i>\u00bb <\/i><i>&#8211; <\/i>le opere di Ges\u00f9 sono tutte comunicazioni vitali per gli altri &#8211; e poi Ges\u00f9 dice \u2013 e pu\u00f2 sembrare sbalorditivo, <i>\u201c\u00abne compir\u00e0 di pi\u00f9 grandi di queste, perch\u00e9 io vado al Padre\u00bb\u201d. <\/i><\/span><\/span><\/span><\/p>\n<p align=\"LEFT\"><span style=\"color: #000000;\"><span style=\"font-family: Century Gothic,sans-serif;\"><span style=\"font-size: small;\">Come si fa a compiere azioni pi\u00f9 grandi di Ges\u00f9? <\/span><\/span><\/span><\/p>\n<p align=\"LEFT\"><span style=\"color: #000000;\"><span style=\"font-family: Century Gothic,sans-serif;\"><span style=\"font-size: small;\">Ges\u00f9 non ha potuto rispondere a tutti i bisogni dell\u2019umanit\u00e0, ed \u00e8 nella comunit\u00e0 dei discepoli che si rif\u00e0 al suo nome e mette come unico valore assoluto della propria esistenza \u2013 l\u2019unico e sacro \u2013 il bene dell\u2019uomo, una comunit\u00e0 che si mette in questo dinamismo dell\u2019\u00abessere verit\u00e0\u00bb, quindi non di avere la verit\u00e0 per giudicare gli altri, ma di essere per avvicinare tutti, questa \u00e8 una comunit\u00e0 dove l\u2019azione divina crescer\u00e0 e sar\u00e0 in misura traboccante a favore degli altri. <\/span><\/span><\/span><\/p>\n<p align=\"LEFT\"><span style=\"color: #000000;\"><span style=\"font-family: Century Gothic,sans-serif;\"><span style=\"font-size: small;\">Dice Ges\u00f9: \u201cTutto questo sar\u00e0 perch\u00e9 io vado al Padre\u201d, perch\u00e9 lui collabora con loro. Quindi Ges\u00f9 li rassicura che la sua morte non sar\u00e0 un\u2019assenza, ma una presenza ancora pi\u00f9 intensa e vivificante. [\/one_fourth]<\/span><\/span><\/span><\/p>\n<p><span style=\"color: #000000;\"><span style=\"font-family: Century Gothic,sans-serif;\"><span style=\"font-size: small;\">[one_fourth]<a href=\"http:\/\/absi.ch\/new\/wp-content\/uploads\/2014\/05\/Rembrandt.jpg\"><img loading=\"lazy\" decoding=\"async\" class=\"alignright  wp-image-2235\" alt=\"Rembrandt\" src=\"http:\/\/absi.ch\/new\/wp-content\/uploads\/2014\/05\/Rembrandt.jpg\" width=\"1292\" height=\"960\" srcset=\"https:\/\/absi.ch\/new\/wp-content\/uploads\/2014\/05\/Rembrandt.jpg 1292w, https:\/\/absi.ch\/new\/wp-content\/uploads\/2014\/05\/Rembrandt-300x222.jpg 300w, https:\/\/absi.ch\/new\/wp-content\/uploads\/2014\/05\/Rembrandt-1115x828.jpg 1115w\" sizes=\"auto, (max-width: 1292px) 100vw, 1292px\" \/><\/a><\/span><\/span><\/span><\/p>\n<h5>Ges\u00f9 in compagnia dei discepoli<\/h5>\n<p><em>Rembrandt van Rijn (1634)<\/em><\/p>\n<p>&nbsp;<\/p>\n<p><a href=\"http:\/\/absi.ch\/new\/wp-content\/uploads\/2014\/05\/V-Pasqua-18.5.2014.pdf\" target=\"_blank\"><em>&gt; scarica il testo in pdf<\/em><\/a><\/p>\n<p><a href=\"http:\/\/absi.ch\/new\/2014\/05\/v-domenica-di-pasqua-18-maggio-2014\/\"><em>&gt; torna all&#8217;inizio della pagina<\/em><\/a><\/p>\n<p><em><a href=\"http:\/\/absi.ch\/new\/commento-al-vangelo-3\/\">&gt; torna a &#8220;Commento al Vangelo&#8221;<\/a><\/em><\/p>\n<p><em><a href=\"http:\/\/absi.ch\/new\/formazione-biblica-2\/\">&gt; torna a &#8220;Formazione biblica&#8221;<\/a><\/em><\/p>\n<p><em>\u00a0<\/em><\/p>\n<p>&nbsp;<\/p>\n<p>[\/one_fourth][one_fourth][\/one_fourth][one_fourth][\/one_fourth][one_fourth][\/one_fourth][\/layout_group][\/layout]<\/p>\n<div id=\"themify_builder_content-2226\" data-postid=\"2226\" class=\"themify_builder_content themify_builder_content-2226 themify_builder\">\n    <\/div>\n<!-- \/themify_builder_content -->\n","protected":false},"excerpt":{"rendered":"<p>[layout][layout_group][one_fourth]quali lui comunica e arricchisce la vita degli altri \u2013 sono l\u2019unico criterio di credibilit\u00e0. Il finale \u00e8 espresso in formula solenne, con l\u2019Amen, Amen, cio\u00e8 \u201c\u00abIn verit\u00e0, in verit\u00e0 vi dico: chi crede in me, anch\u2019egli compir\u00e0 le opere che io compio\u00bb &#8211; le opere di Ges\u00f9 sono tutte comunicazioni vitali per gli altri [&hellip;]<\/p>\n","protected":false},"author":1,"featured_media":0,"parent":0,"menu_order":0,"comment_status":"closed","ping_status":"open","template":"","meta":{"footnotes":""},"class_list":["post-2226","page","type-page","status-publish","hentry","has-post-title","no-post-date","has-post-category","has-post-tag","has-post-comment","has-post-author",""],"builder_content":"","_links":{"self":[{"href":"https:\/\/absi.ch\/new\/wp-json\/wp\/v2\/pages\/2226","targetHints":{"allow":["GET"]}}],"collection":[{"href":"https:\/\/absi.ch\/new\/wp-json\/wp\/v2\/pages"}],"about":[{"href":"https:\/\/absi.ch\/new\/wp-json\/wp\/v2\/types\/page"}],"author":[{"embeddable":true,"href":"https:\/\/absi.ch\/new\/wp-json\/wp\/v2\/users\/1"}],"replies":[{"embeddable":true,"href":"https:\/\/absi.ch\/new\/wp-json\/wp\/v2\/comments?post=2226"}],"version-history":[{"count":12,"href":"https:\/\/absi.ch\/new\/wp-json\/wp\/v2\/pages\/2226\/revisions"}],"predecessor-version":[{"id":5938,"href":"https:\/\/absi.ch\/new\/wp-json\/wp\/v2\/pages\/2226\/revisions\/5938"}],"wp:attachment":[{"href":"https:\/\/absi.ch\/new\/wp-json\/wp\/v2\/media?parent=2226"}],"curies":[{"name":"wp","href":"https:\/\/api.w.org\/{rel}","templated":true}]}}

<p>[layout][layout_group][one_fourth]<span style="color: #000000;"><span style="font-family: Century Gothic,sans-serif;"><span style="font-size: small;">quali lui comunica e arricchisce la vita degli altri – sono l’unico criterio di credibilità. </span></span></span></p>
<p align="LEFT"><span style="color: #000000;"><span style="font-family: Century Gothic,sans-serif;"><span style="font-size: small;">Il finale è espresso in formula solenne, con l’Amen, Amen, cioè <i>“</i><i>«</i><i>In verità, in verità vi dico: chi crede in me, anch’egli compirà le opere che io compio</i><i>» </i><i>&#8211; </i>le opere di Gesù sono tutte comunicazioni vitali per gli altri &#8211; e poi Gesù dice – e può sembrare sbalorditivo, <i>“«ne compirà di più grandi di queste, perché io vado al Padre»”. </i></span></span></span></p>
<p align="LEFT"><span style="color: #000000;"><span style="font-family: Century Gothic,sans-serif;"><span style="font-size: small;">Come si fa a compiere azioni più grandi di Gesù? </span></span></span></p>
<p align="LEFT"><span style="color: #000000;"><span style="font-family: Century Gothic,sans-serif;"><span style="font-size: small;">Gesù non ha potuto rispondere a tutti i bisogni dell’umanità, ed è nella comunità dei discepoli che si rifà al suo nome e mette come unico valore assoluto della propria esistenza – l’unico e sacro – il bene dell’uomo, una comunità che si mette in questo dinamismo dell’«essere verità», quindi non di avere la verità per giudicare gli altri, ma di essere per avvicinare tutti, questa è una comunità dove l’azione divina crescerà e sarà in misura traboccante a favore degli altri. </span></span></span></p>
<p align="LEFT"><span style="color: #000000;"><span style="font-family: Century Gothic,sans-serif;"><span style="font-size: small;">Dice Gesù: “Tutto questo sarà perché io vado al Padre”, perché lui collabora con loro. Quindi Gesù li rassicura che la sua morte non sarà un’assenza, ma una presenza ancora più intensa e vivificante. [/one_fourth]</span></span></span></p>
<p><span style="color: #000000;"><span style="font-family: Century Gothic,sans-serif;"><span style="font-size: small;">[one_fourth]<a href="http://absi.ch/new/wp-content/uploads/2014/05/Rembrandt.jpg"><img loading="lazy" decoding="async" class="alignright  wp-image-2235" alt="Rembrandt" src="http://absi.ch/new/wp-content/uploads/2014/05/Rembrandt.jpg" width="1292" height="960" srcset="https://absi.ch/new/wp-content/uploads/2014/05/Rembrandt.jpg 1292w, https://absi.ch/new/wp-content/uploads/2014/05/Rembrandt-300x222.jpg 300w, https://absi.ch/new/wp-content/uploads/2014/05/Rembrandt-1115x828.jpg 1115w" sizes="auto, (max-width: 1292px) 100vw, 1292px" /></a></span></span></span></p>
<h5>Gesù in compagnia dei discepoli</h5>
<p><em>Rembrandt van Rijn (1634)</em></p>
<p>&nbsp;</p>
<p><a href="http://absi.ch/new/wp-content/uploads/2014/05/V-Pasqua-18.5.2014.pdf" target="_blank"><em>&gt; scarica il testo in pdf</em></a></p>
<p><a href="http://absi.ch/new/2014/05/v-domenica-di-pasqua-18-maggio-2014/"><em>&gt; torna all&#8217;inizio della pagina</em></a></p>
<p><em><a href="http://absi.ch/new/commento-al-vangelo-3/">&gt; torna a &#8220;Commento al Vangelo&#8221;</a></em></p>
<p><em><a href="http://absi.ch/new/formazione-biblica-2/">&gt; torna a &#8220;Formazione biblica&#8221;</a></em></p>
<p><em> </em></p>
<p>&nbsp;</p>
<p>[/one_fourth][one_fourth][/one_fourth][one_fourth][/one_fourth][one_fourth][/one_fourth][/layout_group][/layout]</p>
<div id="themify_builder_content-2226" data-postid="2226" class="themify_builder_content themify_builder_content-2226 themify_builder">
    </div>
<!-- /themify_builder_content -->

<p>[layout][layout_group][one_fourth]quali lui comunica e arricchisce la vita degli altri – sono l’unico criterio di credibilità. Il finale è espresso in formula solenne, con l’Amen, Amen, cioè “«In verità, in verità vi dico: chi crede in me, anch’egli compirà le opere che io compio» &#8211; le opere di Gesù sono tutte comunicazioni vitali per gli altri [&hellip;]</p>
