{"id":2700,"date":"2014-07-11T01:21:02","date_gmt":"2014-07-10T23:21:02","guid":{"rendered":"http:\/\/absi.ch\/new\/?page_id=2700"},"modified":"2021-04-25T03:32:10","modified_gmt":"2021-04-25T01:32:10","slug":"ramadan2014","status":"publish","type":"page","link":"https:\/\/absi.ch\/new\/ramadan2014\/","title":{"rendered":"RAMADAN 2014"},"content":{"rendered":"<h2>\u00a0<\/h2>\n<h5><em>di Renzo Petraglio<br \/><\/em><\/h5>\n<p style=\"text-align: left;\"><a href=\"http:\/\/absi.ch\/new\/wp-content\/uploads\/2014\/07\/ramadan-kareem-response-3.jpg\"><img loading=\"lazy\" decoding=\"async\" class=\"size-full wp-image-2701\" src=\"http:\/\/absi.ch\/new\/wp-content\/uploads\/2014\/07\/ramadan-kareem-response-3.jpg\" alt=\"ramadan-kareem-response-3\" width=\"700\" height=\"515\" srcset=\"https:\/\/absi.ch\/new\/wp-content\/uploads\/2014\/07\/ramadan-kareem-response-3.jpg 700w, https:\/\/absi.ch\/new\/wp-content\/uploads\/2014\/07\/ramadan-kareem-response-3-300x220.jpg 300w\" sizes=\"auto, (max-width: 700px) 100vw, 700px\" \/><\/a><\/p>\n<p>\u00a0<\/p>\n<h4>VIVERE IL RAMADAN DAL CORANO ALLA BIBBIA<\/h4>\n<p style=\"text-align: justify;\">In questi giorni il dialogo interreligioso, anzitutto in Israele, pare molto, molto difficile anzitutto per un deficit di senso di umanit\u00e0 collettiva, che contrassegna gli opposti estremismi, in un contesto in cui anzitutto la vita dei palestinesi nei loro territori, accerchiati da quelli israeliani, \u00e8 sempre pi\u00f9 difficile. Appare quindi ancora pi\u00f9 importante leggere pagine lucide e penetranti come quelle che Renzo Petraglio, in occasione del Ramadan, iniziato il 29 giugno scorso, propone, settimana dopo settimana, dal Corano alla Bibbia, sino alla conclusione di questo momento fondamentale per la fede e cultura islamiche.<\/p>\n<pre><a title=\"Anni 2012 e 2013\" href=\"http:\/\/www.absi.ch\/old\/Ramadan\" target=\"_blank\" rel=\"noopener noreferrer\">&gt; Anni 2012 e 2013 (sito precedente)<\/a><br \/><br \/><\/pre>\n<h3>\u00a0<\/h3>\n<ul>\n<li>premi\u00e8re semaine<\/li>\n<\/ul>\n<p><strong><a href=\"http:\/\/absi.ch\/new\/2014\/07\/ramadan-2014-premiere-semaine\/\">Les fr\u00e8res de Joseph et leur p\u00e8re. L\u2019\u00e9paisseur des relations entre des proches<\/a><br \/><\/strong><\/p>\n<ul>\n<li>deuxi\u00e8me semaine<\/li>\n<\/ul>\n<p><strong><a href=\"http:\/\/absi.ch\/new\/2014\/07\/ramadan-2014_deuxieme-semaine\/\">Un fr\u00e8re pas comme les autress<\/a><\/strong><\/p>\n<ul>\n<li>troisi\u00e8me semaine<\/li>\n<\/ul>\n<p><a href=\"http:\/\/absi.ch\/new\/2014\/07\/eliminer-un-frere-et-raconter-des-mensonges\/\"><strong>Eliminer un fr\u00e8re et raconter des mensonges<\/strong><\/a><\/p>\n<ul>\n<li>quatri\u00e8me semaine<\/li>\n<\/ul>\n<p><a href=\"http:\/\/absi.ch\/new\/2014\/07\/ramadan-2014-quatrieme-semaine\/\"><strong>Une r\u00e9action non-violente\u2026 pour un avenir nouveau<\/strong><\/a><\/p>\n<p>[\/one_third][one_third][\/one_third][one_third][\/one_third][\/layout_group][\/layout]<\/p>\n\n<div id=\"themify_builder_content-2700\" data-postid=\"2700\" class=\"themify_builder_content themify_builder_content-2700 themify_builder\">\n    <\/div>\n\n","protected":false},"excerpt":{"rendered":"<p>\u00a0 di Renzo Petraglio \u00a0 VIVERE IL RAMADAN DAL CORANO ALLA BIBBIA In questi giorni il dialogo interreligioso, anzitutto in Israele, pare molto, molto difficile anzitutto per un deficit di senso di umanit\u00e0 collettiva, che contrassegna gli opposti estremismi, in un contesto in cui anzitutto la vita dei palestinesi nei loro territori, accerchiati da quelli [&hellip;]<\/p>\n","protected":false},"author":1,"featured_media":0,"parent":0,"menu_order":0,"comment_status":"closed","ping_status":"open","template":"","meta":{"footnotes":""},"class_list":["post-2700","page","type-page","status-publish","hentry","has-post-title","no-post-date","has-post-category","has-post-tag","has-post-comment","has-post-author",""],"builder_content":"","_links":{"self":[{"href":"https:\/\/absi.ch\/new\/wp-json\/wp\/v2\/pages\/2700","targetHints":{"allow":["GET"]}}],"collection":[{"href":"https:\/\/absi.ch\/new\/wp-json\/wp\/v2\/pages"}],"about":[{"href":"https:\/\/absi.ch\/new\/wp-json\/wp\/v2\/types\/page"}],"author":[{"embeddable":true,"href":"https:\/\/absi.ch\/new\/wp-json\/wp\/v2\/users\/1"}],"replies":[{"embeddable":true,"href":"https:\/\/absi.ch\/new\/wp-json\/wp\/v2\/comments?post=2700"}],"version-history":[{"count":25,"href":"https:\/\/absi.ch\/new\/wp-json\/wp\/v2\/pages\/2700\/revisions"}],"predecessor-version":[{"id":16286,"href":"https:\/\/absi.ch\/new\/wp-json\/wp\/v2\/pages\/2700\/revisions\/16286"}],"wp:attachment":[{"href":"https:\/\/absi.ch\/new\/wp-json\/wp\/v2\/media?parent=2700"}],"curies":[{"name":"wp","href":"https:\/\/api.w.org\/{rel}","templated":true}]}}