{"id":3077,"date":"2014-08-03T23:07:55","date_gmt":"2014-08-03T21:07:55","guid":{"rendered":"http:\/\/absi.ch\/new\/?page_id=3077"},"modified":"2014-08-03T23:20:49","modified_gmt":"2014-08-03T21:20:49","slug":"tutti-mangiarono-e-furono-saziati_cont","status":"publish","type":"page","link":"https:\/\/absi.ch\/new\/tutti-mangiarono-e-furono-saziati_cont\/","title":{"rendered":"TUTTI MANGIARONO E FURONO SAZIATI_cont."},"content":{"rendered":"<p lang=\"it-IT\">\u00a0[layout][layout_group][one_fourth]<\/p>\n<p lang=\"it-IT\" align=\"LEFT\"><span style=\"color: #808080;\"><span style=\"font-family: Century Gothic,sans-serif;\"><span style=\"font-size: small;\">Ma perch\u00e9 proprio cinquemila? I multipli di cinquanta nella Bibbia indicano l\u2019azione dello Spirito. I profeti, guidati dallo Spirito, andavano a gruppi di cinquanta. <i>Pentecost\u00e8 <\/i>non significa altro che cinquantesimo, il cinquantesimo giorno dopo la Pasqua, ed \u00e8 il giorno nel quale nella comunit\u00e0 cristiana scende lo spirito. Non pi\u00f9 una legge esterna da osservare, ma lo Spirito, una forza interiore da accogliere. Quindi i multipli di cinquanta indicano l\u2019azione dello spirito. <\/span><\/span><\/span><\/p>\n<p lang=\"it-IT\" align=\"LEFT\"><span style=\"color: #808080;\"><span style=\"font-family: Century Gothic,sans-serif;\"><span style=\"font-size: small;\">Allora l\u2019evangelista, attraverso questa cifra, vuol far comprendere che, con il pane, \u00e8 stato comunicato lo Spirito che era alla base del dono. E, infine, il dettaglio <i>\u201csenza contare le donne e i bambini\u201d. <\/i>Perch\u00e9 questo dettaglio? Perch\u00e9 nel culto sinagogale la celebrazione poteva iniziare soltanto quando erano presenti dieci maschi adulti; la sinagoga poteva essere piena di donne e bambini, ma finch\u00e9 non c\u2019erano dieci maschi adulti non si poteva iniziare il culto. <\/span><\/span><\/span><\/p>\n<p lang=\"it-IT\" align=\"LEFT\"><span style=\"color: #808080;\"><span style=\"font-family: Century Gothic,sans-serif;\"><span style=\"font-size: small;\">Allora dando questa indicazione <i>\u201csenza contare le donne e i bambini\u201d<\/i>, che \u00e8 una maniera di contare i partecipanti alla sinagoga, l\u2019evangelista vuol far comprendere che con Ges\u00f9, in questo episodio della condivisione dei pani, \u00e8 nato il nuovo culto. <\/span><\/span><\/span><\/p>\n<p lang=\"it-IT\" align=\"LEFT\"><span style=\"color: #808080;\"><span style=\"font-family: Century Gothic,sans-serif;\"><span style=\"font-size: small;\">Il nuovo culto non si esercita pi\u00f9 in una sinagoga, ma ovunque esista la pratica delle beatitudini, la condivisione generosa. <\/span><\/span><\/span><\/p>\n<p lang=\"it-IT\" align=\"LEFT\"><span style=\"color: #808080;\"><span style=\"font-family: Century Gothic,sans-serif;\"><span style=\"font-size: small;\">Il nuovo culto non parte pi\u00f9 dagli uomini rivolta a Dio, ma parte da Dio ed \u00e8 rivolto agli uomini, perch\u00e9 il Ges\u00f9 di Matteo \u00e8 il Dio con noi, che chiede di essere accolto perch\u00e9 con lui e come lui l\u2019umanit\u00e0 vada ad essere alimento di vita, di forza, verso ogni uomo che ne ha bisogno. <\/span><\/span><\/span><\/p>\n<p>&nbsp;<\/p>\n<p><a href=\"http:\/\/absi.ch\/new\/wp-content\/uploads\/2014\/08\/TO-XVIII-3.8.2014.pdf\" target=\"_blank\"><em>&gt; testo in pdf<\/em><\/a><\/p>\n<p><a href=\"http:\/\/absi.ch\/new\/2014\/08\/toxviii_3agosto2014-2\/\">&gt; <em>inizio pagina<\/em><\/a><\/p>\n<p><em><a href=\"http:\/\/absi.ch\/new\/commento-al-vangelo-3\/\">&gt; Commento al Vangelo<\/a><\/em><\/p>\n<p><em><a href=\"http:\/\/absi.ch\/new\/formazione-biblica-2\/\">&gt; Formazione biblica<\/a><\/em><\/p>\n<p>[\/one_fourth][one_fourth]<\/p>\n<p><a href=\"http:\/\/absi.ch\/new\/wp-content\/uploads\/2014\/08\/Hungertuch_.jpg\"><img loading=\"lazy\" decoding=\"async\" class=\"size-full wp-image-3079 alignnone\" alt=\"Hungertuch_\" src=\"http:\/\/absi.ch\/new\/wp-content\/uploads\/2014\/08\/Hungertuch_.jpg\" width=\"764\" height=\"552\" srcset=\"https:\/\/absi.ch\/new\/wp-content\/uploads\/2014\/08\/Hungertuch_.jpg 764w, https:\/\/absi.ch\/new\/wp-content\/uploads\/2014\/08\/Hungertuch_-300x216.jpg 300w\" sizes=\"auto, (max-width: 764px) 100vw, 764px\" \/><\/a><\/p>\n<h5>Velo Quadragesimale (MISEREOR 2013)<\/h5>\n<p><a title=\"Link esterno pagina Misereor\" href=\"http:\/\/www.misereor.de\/service\/service-gemeinden\/misereor-hungertuch.html\" target=\"_blank\">di <b>Ejti Stih<\/b><\/a><\/p>\n<p>&nbsp;<\/p>\n<p style=\"text-align: left;\">[\/one_fourth][one_fourth][\/one_fourth][one_fourth][\/one_fourth][\/layout_group][\/layout]<\/p>\n<div id=\"themify_builder_content-3077\" data-postid=\"3077\" class=\"themify_builder_content themify_builder_content-3077 themify_builder\">\n    <\/div>\n<!-- \/themify_builder_content -->\n","protected":false},"excerpt":{"rendered":"<p>\u00a0[layout][layout_group][one_fourth] Ma perch\u00e9 proprio cinquemila? I multipli di cinquanta nella Bibbia indicano l\u2019azione dello Spirito. I profeti, guidati dallo Spirito, andavano a gruppi di cinquanta. Pentecost\u00e8 non significa altro che cinquantesimo, il cinquantesimo giorno dopo la Pasqua, ed \u00e8 il giorno nel quale nella comunit\u00e0 cristiana scende lo spirito. Non pi\u00f9 una legge esterna da [&hellip;]<\/p>\n","protected":false},"author":1,"featured_media":0,"parent":0,"menu_order":0,"comment_status":"closed","ping_status":"open","template":"","meta":{"footnotes":""},"class_list":["post-3077","page","type-page","status-publish","hentry","has-post-title","no-post-date","has-post-category","has-post-tag","has-post-comment","has-post-author",""],"builder_content":"","_links":{"self":[{"href":"https:\/\/absi.ch\/new\/wp-json\/wp\/v2\/pages\/3077","targetHints":{"allow":["GET"]}}],"collection":[{"href":"https:\/\/absi.ch\/new\/wp-json\/wp\/v2\/pages"}],"about":[{"href":"https:\/\/absi.ch\/new\/wp-json\/wp\/v2\/types\/page"}],"author":[{"embeddable":true,"href":"https:\/\/absi.ch\/new\/wp-json\/wp\/v2\/users\/1"}],"replies":[{"embeddable":true,"href":"https:\/\/absi.ch\/new\/wp-json\/wp\/v2\/comments?post=3077"}],"version-history":[{"count":5,"href":"https:\/\/absi.ch\/new\/wp-json\/wp\/v2\/pages\/3077\/revisions"}],"predecessor-version":[{"id":3084,"href":"https:\/\/absi.ch\/new\/wp-json\/wp\/v2\/pages\/3077\/revisions\/3084"}],"wp:attachment":[{"href":"https:\/\/absi.ch\/new\/wp-json\/wp\/v2\/media?parent=3077"}],"curies":[{"name":"wp","href":"https:\/\/api.w.org\/{rel}","templated":true}]}}