{"id":3330,"date":"2014-08-31T03:18:39","date_gmt":"2014-08-31T01:18:39","guid":{"rendered":"http:\/\/absi.ch\/new\/?page_id=3330"},"modified":"2014-08-31T03:28:32","modified_gmt":"2014-08-31T01:28:32","slug":"se-qualcuno-vuole-venire-dietro-a-me-rinneghi-se-stesso_cont","status":"publish","type":"page","link":"https:\/\/absi.ch\/new\/se-qualcuno-vuole-venire-dietro-a-me-rinneghi-se-stesso_cont\/","title":{"rendered":"SE QUALCUNO VUOLE VENIRE DIETRO A ME, RINNEGHI SE STESSO_cont."},"content":{"rendered":"<p>[layout][layout_group][one_fourth]<\/p>\n<p lang=\"it-IT\"><i>perder\u00e0; ma chi perder\u00e0 la propria vita per causa mia, la trover\u00e0<\/i><i>\u00bb<\/i><i>\u201d. <\/i><\/p>\n<p lang=\"it-IT\" align=\"LEFT\">Chi vive per gli altri realizza pienamente la propria esistenza, chi vive centrato esclusivamente sui propri bisogni, sulle proprie necessit\u00e0, la distrugge. Quindi questa \u00e8 l\u2019alternativa che Ges\u00f9 offre. Vivere per gli altri, dare, non \u00e8 perdere, ma guadagnare. Significa realizzare pienamente se stessi.<\/p>\n<p lang=\"it-IT\" align=\"LEFT\">E Ges\u00f9 commenta: <i>\u201c<\/i><i>\u00ab<\/i><i>Quale vantaggio avr\u00e0 un uomo se guadagner\u00e0 il mondo intero, ma perder\u00e0 la propria vita?<\/i><i>\u00bb<\/i><i>\u201d <\/i>A che serve guadagnare tanto, conquistare tanto e poi smarrire se stesso? Questo \u00e8 il significato. E\u2019 una critica che Ges\u00f9 fa alle persone di potere, qualunque potere. Le persone che hanno conquistato il potere, divorati dalla loro ambizione, sono persone che hanno tanto, ma non hanno nulla perch\u00e9 hanno completamente smarrito se stesse.<\/p>\n<p lang=\"it-IT\" align=\"LEFT\">Sono persone alla deriva dalla vita, alla deriva dalla felicit\u00e0. <i>\u201c<\/i><i>\u00ab<\/i><i>Perch\u00e9 il Figlio dell\u2019Uomo<\/i><i>\u00bb<\/i><i>\u201d, <\/i>Figlio dell\u2019uomo indica Ges\u00f9 nella pienezza della condizione divina, <i>\u201c<\/i><i>\u00ab<\/i><i>Sta per venire nella gloria del Padre suo<\/i><i>\u00bb<\/i><i>\u201d. <\/i>Ges\u00f9 contrappone al massimo disonore, la pena di morte alla quale \u00e8 stato condannato dal sinedrio, quindi il massimo disonore dell\u2019istituzione religiosa, il massimo onore da parte di Dio.<\/p>\n<p lang=\"it-IT\" align=\"LEFT\">Quindi <i>\u201c\u00abnella gloria del Padre suo con i suoi angeli\u00bb\u201d. <\/i>E qui Ges\u00f9 cita il libro dei Proverbi, capitolo 24, versetto 12, <i>\u201c<\/i><i>\u00ab<\/i><i>e render\u00e0 a ciascuno secondo le sue azioni<\/i><i>\u00bb<\/i><i>\u201d, <\/i>letteralmente \u201cla prassi\u201d <span style=\"color: #808080;\"><span style=\"font-family: Century Gothic,sans-serif;\"><span style=\"font-size: small;\">(<span style=\"font-family: Bwgrkn;\"><span style=\"font-size: large;\"><b>t<\/b><\/span><\/span><span style=\"font-family: Bwgrkn;\"><span style=\"font-size: large;\"><b>h.<\/b><\/span><\/span><span style=\"font-family: Bwgrkn;\"><span style=\"font-size: large;\"><b>n pr\u00a3<\/b><\/span><\/span><span style=\"font-family: Bwgrkn;\"><span style=\"font-size: large;\"><b>a,<\/b><\/span><\/span><span style=\"font-family: Bwgrkn;\"><span style=\"font-size: large;\"><b>xin<\/b><\/span><\/span>) <\/span><\/span><\/span>. L\u2019uomo \u00e8 valutato per la vita che ha praticato, per le opere che ha fatto, e non per le idee o le dottrine religiose che ha professato. E\u2019 quello che si fa per gli altri che determina la propria esistenza.<\/p>\n<p lang=\"it-IT\" align=\"LEFT\">C\u2019\u00e8 un\u2019altra parte che non \u00e8 presente nella versione liturgica, ma \u00e8 importante. Ges\u00f9 annunzia che <i>\u201cI presenti non moriranno prima di aver visto arrivare il Figlio dell\u2019uomo con il suo regno\u201d. <\/i>Infatti annunzia l\u2019episodio che poi seguir\u00e0 che \u00e8 quello della trasfigurazione, in cui Ges\u00f9 dimostra che la morte non distrugge la persona, ma la potenzia pienamente.<\/p>\n<p>&nbsp;<\/p>\n<p lang=\"it-IT\" align=\"LEFT\"><a href=\"http:\/\/absi.ch\/new\/wp-content\/uploads\/2014\/08\/TO-XXII-31.8.2014.pdf\" target=\"_blank\">&gt; <em>testo in pdf<\/em><\/a><\/p>\n<p><a href=\"http:\/\/absi.ch\/new\/2014\/08\/toxxii31agosto2014\/\">&gt; <em>inizio pagina<\/em><\/a><\/p>\n<p><em><a href=\"http:\/\/absi.ch\/new\/commento-al-vangelo-3\/\">&gt; Commento al Vangelo<\/a><\/em><\/p>\n<p lang=\"it-IT\" align=\"LEFT\"><em><a href=\"http:\/\/absi.ch\/new\/formazione-biblica-2\/\">&gt; Formazione biblica<\/a><\/em><\/p>\n<p>[\/one_fourth][one_fourth]<i><a href=\"http:\/\/absi.ch\/new\/wp-content\/uploads\/2014\/08\/Vade-retro.jpg\"><img loading=\"lazy\" decoding=\"async\" alt=\"Vade retro\" src=\"http:\/\/absi.ch\/new\/wp-content\/uploads\/2014\/08\/Vade-retro.jpg\" width=\"717\" height=\"386\" \/><\/a><\/i><\/p>\n<h5>\u00abVa\u2019 dietro a me, Satana!\u00bb<\/h5>\n<p><em>scena dal film &#8220;The life of Jesus Christ&#8221;<\/em><\/p>\n<p>[\/one_fourth][one_fourth][\/one_fourth][one_fourth][\/one_fourth][\/layout_group][\/layout]<\/p>\n<div id=\"themify_builder_content-3330\" data-postid=\"3330\" class=\"themify_builder_content themify_builder_content-3330 themify_builder\">\n    <\/div>\n<!-- \/themify_builder_content -->\n","protected":false},"excerpt":{"rendered":"<p>[layout][layout_group][one_fourth] perder\u00e0; ma chi perder\u00e0 la propria vita per causa mia, la trover\u00e0\u00bb\u201d. Chi vive per gli altri realizza pienamente la propria esistenza, chi vive centrato esclusivamente sui propri bisogni, sulle proprie necessit\u00e0, la distrugge. Quindi questa \u00e8 l\u2019alternativa che Ges\u00f9 offre. Vivere per gli altri, dare, non \u00e8 perdere, ma guadagnare. Significa realizzare pienamente [&hellip;]<\/p>\n","protected":false},"author":1,"featured_media":0,"parent":0,"menu_order":0,"comment_status":"closed","ping_status":"open","template":"","meta":{"footnotes":""},"class_list":["post-3330","page","type-page","status-publish","hentry","has-post-title","no-post-date","has-post-category","has-post-tag","has-post-comment","has-post-author",""],"builder_content":"","_links":{"self":[{"href":"https:\/\/absi.ch\/new\/wp-json\/wp\/v2\/pages\/3330","targetHints":{"allow":["GET"]}}],"collection":[{"href":"https:\/\/absi.ch\/new\/wp-json\/wp\/v2\/pages"}],"about":[{"href":"https:\/\/absi.ch\/new\/wp-json\/wp\/v2\/types\/page"}],"author":[{"embeddable":true,"href":"https:\/\/absi.ch\/new\/wp-json\/wp\/v2\/users\/1"}],"replies":[{"embeddable":true,"href":"https:\/\/absi.ch\/new\/wp-json\/wp\/v2\/comments?post=3330"}],"version-history":[{"count":3,"href":"https:\/\/absi.ch\/new\/wp-json\/wp\/v2\/pages\/3330\/revisions"}],"predecessor-version":[{"id":3335,"href":"https:\/\/absi.ch\/new\/wp-json\/wp\/v2\/pages\/3330\/revisions\/3335"}],"wp:attachment":[{"href":"https:\/\/absi.ch\/new\/wp-json\/wp\/v2\/media?parent=3330"}],"curies":[{"name":"wp","href":"https:\/\/api.w.org\/{rel}","templated":true}]}}