{"id":4861,"date":"2015-02-15T22:19:08","date_gmt":"2015-02-15T21:19:08","guid":{"rendered":"http:\/\/absi.ch\/new\/?page_id=4861"},"modified":"2016-02-14T02:50:22","modified_gmt":"2016-02-14T01:50:22","slug":"lectures-pour-lafrique-et-toute-la-terre2015","status":"publish","type":"page","link":"https:\/\/absi.ch\/new\/lectures-pour-lafrique-et-toute-la-terre2015\/","title":{"rendered":"Lectures pour l&#8217;Afrique et&#8230;toute la Terre (2015)"},"content":{"rendered":"<p>[layout][layout_group][one_sixth]<\/p>\n<h2 style=\"text-align: center;\">Lectures pour l&#8217;Afrique et&#8230;toute la Terre<\/h2>\n<h4 style=\"text-align: center;\">di Renzo Petraglio<\/h4>\n<p>&nbsp;<\/p>\n<p><a href=\"http:\/\/absi.ch\/new\/wp-content\/uploads\/2014\/03\/Vetrata-nella-chiesa-di-Nostra-Signora-di-Loreto-a-Trapani.jpg\"><img loading=\"lazy\" decoding=\"async\" class=\"aligncenter\" alt=\"Vetrata nella chiesa di Nostra Signora di Loreto a Trapani\" src=\"http:\/\/absi.ch\/new\/wp-content\/uploads\/2014\/03\/Vetrata-nella-chiesa-di-Nostra-Signora-di-Loreto-a-Trapani.jpg\" width=\"502\" height=\"562\" \/><\/a><\/p>\n<h5 style=\"text-align: center;\">\u00a0L&#8217;eucarestia<\/h5>\n<p style=\"text-align: center;\"><a title=\"Link esterno\" href=\"http:\/\/www.robertoalabiso.it\/index.php?option=com_content&amp;view=category&amp;layout=blog&amp;id=11&amp;Itemid=131\" target=\"_blank\"><em>vetrata nella Chiesa di Nostra Signora di Loreto (Trapani)\u00a0 di Roberto Alabiso<\/em><\/a><\/p>\n<p>&nbsp;<\/p>\n<p><a title=\"link al sito precedente\" href=\"http:\/\/www.absi.ch\/Commento-al-Vangelo_Maggi*\">&gt; testi fino al 30.03.2014 (sito precedente)<\/a><\/p>\n<p><a href=\"http:\/\/absi.ch\/new\/lectures-pour-lafrique-et-toute-la-terre2014\/\">&gt; 2014<\/a>\u00a0\u00a0 <a href=\"http:\/\/absi.ch\/new\/lectures-pour-lafrique-et-toute-la-terre-2016\/\">&gt; 2016<\/a><\/p>\n<p>[\/one_sixth][one_sixth]<\/p>\n<h4>2015<\/h4>\n<ul>\n<li>20 decembre 2015<\/li>\n<\/ul>\n<p><a href=\"http:\/\/absi.ch\/new\/2015\/12\/eucharistie-20-decembre-2015\/\">\u00abFais briller sur nous ton visage et nous serons sauv\u00e9s\u00bb<br \/>\n(Ps 80,4)<\/a><\/p>\n<ul>\n<li>13 decembre 2015<\/li>\n<\/ul>\n<p><a href=\"http:\/\/absi.ch\/new\/2015\/12\/eucharistie-13-decembre-2015\/\" target=\"_blank\">De la solidarit\u00e9 et de la justice\u2026 la joie<\/a><\/p>\n<ul>\n<li>6 decembre 2015<\/li>\n<\/ul>\n<p><a href=\"http:\/\/absi.ch\/new\/wp-content\/uploads\/2015\/02\/Eucharistie_6decembre2015.pdf\" target=\"_blank\">Dieu intervient, et nous devons changer<\/a><\/p>\n<ul>\n<li>29 novembre 2015<\/li>\n<\/ul>\n<p><a href=\"http:\/\/absi.ch\/new\/2015\/11\/eucharistie-29-novembre-2015\/\">Attendre ta venue et nous engager dans l\u2019amour<\/a><\/p>\n<ul>\n<li>15 novembre 2015<\/li>\n<\/ul>\n<p><a href=\"http:\/\/absi.ch\/new\/2015\/11\/eucharistie-15-novembre-2015\/\">\u00ab Sachez qu\u2019il est proche, aux portes \u00bb (Mc 13,29)<\/a><\/p>\n<ul>\n<li>1 novembre 2015<\/li>\n<\/ul>\n<p><a href=\"http:\/\/absi.ch\/new\/2015\/11\/eucharistie-1-novembre-2015\/\" target=\"_blank\">Il nous \u00ababritera sous sa tente\u00bb (Ap 7,15)<\/a><\/p>\n<ul>\n<li>18 octobre 2015<\/li>\n<\/ul>\n<p><a href=\"http:\/\/absi.ch\/new\/2015\/10\/eucharistie-18-10-2015\/\">Journ\u00e9e missionnaire mondiale:<\/a><br \/>\n<a href=\"http:\/\/absi.ch\/new\/2015\/10\/eucharistie-18-10-2015\/\"> la \u2018mission\u2019 est \u00eatre avec<\/a><\/p>\n<ul>\n<li>11 octobre 2015<\/li>\n<\/ul>\n<p><a href=\"http:\/\/absi.ch\/new\/2015\/10\/eucharistie-11-10-2015\/\">Dieu, apprends-nous \u00e0 d\u00e9couvrir ton chemin!<\/a><\/p>\n<ul>\n<li>4 octobre 2015<\/li>\n<\/ul>\n<p><a href=\"http:\/\/absi.ch\/new\/2015\/10\/eucharistie-4-10-2015\/\">L\u2019autre: un don, toujours surprenant, de Dieu<\/a><\/p>\n<p>[\/one_sixth][one_sixth]<\/p>\n<ul>\n<li>20 septembre 2015<\/li>\n<\/ul>\n<p><a href=\"http:\/\/absi.ch\/new\/2015\/09\/eucharistie-20-09-2015\/\">\u00abDes individus insult\u00e9s et mis \u00e0 mort\u2026 comme J\u00e9sus\u00bb<\/a><\/p>\n<ul>\n<li>9 ao\u00fbt 2015<\/li>\n<\/ul>\n<p><a href=\"http:\/\/absi.ch\/new\/2015\/08\/eucharistie-9-aout-2015\/\" target=\"_blank\">\u00abAttir\u00e9(e)s par Dieu et nourri(e)s par lui\u00bb<\/a><\/p>\n<ul>\n<ul>\n<ul>\n<li>19 juillet 2015<\/li>\n<\/ul>\n<\/ul>\n<\/ul>\n<p><a href=\"http:\/\/absi.ch\/new\/2015\/07\/dou-viendra-mon-secours-ps-1211\/\">\u00ab D\u2019o\u00f9 viendra mon secours ? \u00bb (Ps 121,1)<\/a><\/p>\n<ul>\n<ul>\n<ul>\n<ul>\n<ul>\n<li>21 juin 2015<\/li>\n<\/ul>\n<\/ul>\n<\/ul>\n<\/ul>\n<\/ul>\n<p><a href=\"http:\/\/absi.ch\/new\/2015\/06\/eucharistie-21-06-2015\/\" target=\"_blank\">Dieu prend soin de nous et aussi de nos peurs<\/a><\/p>\n<ul>\n<ul>\n<ul>\n<ul>\n<ul>\n<li>7 juin 2015<\/li>\n<\/ul>\n<\/ul>\n<\/ul>\n<\/ul>\n<\/ul>\n<p><a href=\"http:\/\/absi.ch\/new\/2015\/06\/eucharistie-07-06-2015\/\">Le Corps et le Sang du Christ\u00a0: une vie donn\u00e9e<\/a><\/p>\n<ul>\n<ul>\n<ul>\n<ul>\n<ul>\n<li>31 mai 2015<\/li>\n<\/ul>\n<\/ul>\n<\/ul>\n<\/ul>\n<\/ul>\n<p><a href=\"http:\/\/absi.ch\/new\/2015\/05\/eucharistie-31-05-2015\/\">Nous voulons te chanter, Dieu P\u00e8re, Dieu Fils, Dieu Esprit saint<\/a><\/p>\n<ul>\n<ul>\n<ul>\n<ul>\n<ul>\n<ul>\n<ul>\n<li>17 mai 2015<\/li>\n<\/ul>\n<\/ul>\n<\/ul>\n<\/ul>\n<\/ul>\n<\/ul>\n<\/ul>\n<p><a href=\"http:\/\/absi.ch\/new\/2015\/05\/eucharistie-17-05-2015-2\/\">\u00ab Celui qui demeure dans l\u2019amour demeure en Dieu \u00bb (1 Jn 4,16)<\/a><\/p>\n<ul>\n<ul>\n<ul>\n<ul>\n<ul>\n<ul>\n<ul>\n<li>14 mai 2015<\/li>\n<\/ul>\n<\/ul>\n<\/ul>\n<\/ul>\n<\/ul>\n<\/ul>\n<\/ul>\n<p><a href=\"http:\/\/absi.ch\/new\/2015\/05\/eucharistie-14-05-2015-2\/\">Faisant route vers le ciel, faisant route avec les hommes<\/a><\/p>\n<ul>\n<ul>\n<ul>\n<ul>\n<ul>\n<ul>\n<ul>\n<li>10 mai 2015<\/li>\n<\/ul>\n<\/ul>\n<\/ul>\n<\/ul>\n<\/ul>\n<\/ul>\n<\/ul>\n<p><a href=\"http:\/\/absi.ch\/new\/2015\/05\/eucharistie-10-05-2015\/\">En faisant m\u00e9moire de J\u00e9r\u00f4me, de Jo\u00eblle et d\u2019autres encore)<\/a><\/p>\n<p>[\/one_sixth][one_sixth]<\/p>\n<ul>\n<ul>\n<ul>\n<ul>\n<ul>\n<ul>\n<ul>\n<li>26 avril 2015<\/li>\n<\/ul>\n<\/ul>\n<\/ul>\n<\/ul>\n<\/ul>\n<\/ul>\n<\/ul>\n<p><a href=\"http:\/\/absi.ch\/new\/2015\/04\/eucharistie-26-04-2015\/\">\u00abJe ne craindrai pas le mal, car tu es avec moi\u00bb (Ps 23,4)<\/a><\/p>\n<ul>\n<ul>\n<ul>\n<ul>\n<ul>\n<ul>\n<ul>\n<li>19 avril 2015<\/li>\n<\/ul>\n<\/ul>\n<\/ul>\n<\/ul>\n<\/ul>\n<\/ul>\n<\/ul>\n<p><a href=\"http:\/\/absi.ch\/new\/2015\/04\/eucharistie-19-04-2015\/\">La lumi\u00e8re: s\u2019ouvrir \u00e0 l\u2019Ecriture et aimer les autres<\/a><\/p>\n<ul>\n<ul>\n<ul>\n<ul>\n<ul>\n<ul>\n<ul>\n<li>5 avril 2015<\/li>\n<\/ul>\n<\/ul>\n<\/ul>\n<\/ul>\n<\/ul>\n<\/ul>\n<\/ul>\n<p><a href=\"http:\/\/absi.ch\/new\/2015\/04\/eucharistie-05-04-2015\/\">La r\u00e9surrection\u2026 bouleverse<\/a><\/p>\n<ul>\n<ul>\n<ul>\n<ul>\n<ul>\n<ul>\n<ul>\n<li>29 mars 2015<\/li>\n<\/ul>\n<\/ul>\n<\/ul>\n<\/ul>\n<\/ul>\n<\/ul>\n<\/ul>\n<p><a href=\"http:\/\/absi.ch\/new\/2015\/03\/eucharistie-29-3-2015\/\">Dimanche des Rameaux et de la Passion du Seigneur<\/a><\/p>\n<ul>\n<ul>\n<ul>\n<ul>\n<ul>\n<ul>\n<ul>\n<ul>\n<ul>\n<li>22 mars 2015<\/li>\n<\/ul>\n<\/ul>\n<\/ul>\n<\/ul>\n<\/ul>\n<\/ul>\n<\/ul>\n<\/ul>\n<\/ul>\n<p><a href=\"http:\/\/absi.ch\/new\/2015\/03\/eucharistie-22-3-2015\/\">Le don de l\u2019alliance, le don de la vie<\/a><\/p>\n<ul>\n<ul>\n<ul>\n<ul>\n<ul>\n<ul>\n<ul>\n<ul>\n<ul>\n<li>15 mars 2015<\/li>\n<\/ul>\n<\/ul>\n<\/ul>\n<\/ul>\n<\/ul>\n<\/ul>\n<\/ul>\n<\/ul>\n<\/ul>\n<p><a href=\"http:\/\/absi.ch\/new\/2015\/03\/eucharistie-15-3-2015\/\">Un amour qui nous d\u00e9passe. Totalement!<\/a><\/p>\n<ul>\n<ul>\n<ul>\n<ul>\n<ul>\n<ul>\n<ul>\n<ul>\n<ul>\n<li>8 mars 2015<\/li>\n<\/ul>\n<\/ul>\n<\/ul>\n<\/ul>\n<\/ul>\n<\/ul>\n<\/ul>\n<\/ul>\n<\/ul>\n<p><a href=\"http:\/\/absi.ch\/new\/2015\/03\/eucharistie-8-3-2015\/\">\u00abSous ses pas, tout va germer, et il reconstruira<\/a><br \/>\n<a href=\"http:\/\/absi.ch\/new\/2015\/03\/eucharistie-8-3-2015\/\"> le temple du Seigneur\u00bb (Zacharie 6,12)<\/a><\/p>\n<ul>\n<ul>\n<ul>\n<ul>\n<ul>\n<ul>\n<ul>\n<ul>\n<ul>\n<li>1 mars 2015<\/li>\n<\/ul>\n<\/ul>\n<\/ul>\n<\/ul>\n<\/ul>\n<\/ul>\n<\/ul>\n<\/ul>\n<\/ul>\n<p><a href=\"http:\/\/absi.ch\/new\/2015\/03\/eucharistie-1-3-2015\/\">\u00abQu\u2019est-ce que ressusciter d\u2019entre les morts?\u00bb (Mc 9,10)<\/a><\/p>\n<ul>\n<ul>\n<ul>\n<ul>\n<ul>\n<ul>\n<ul>\n<ul>\n<ul>\n<li>22 f\u00e9vrier 2015<\/li>\n<\/ul>\n<\/ul>\n<\/ul>\n<\/ul>\n<\/ul>\n<\/ul>\n<\/ul>\n<\/ul>\n<\/ul>\n<p><a href=\"http:\/\/absi.ch\/new\/2015\/02\/eucharistie-22-2-2015-2\/\" target=\"_blank\">C\u2019est le moment: changeons, suivons l\u2019Evangile!<\/a><\/p>\n<ul>\n<ul>\n<ul>\n<ul>\n<ul>\n<ul>\n<ul>\n<ul>\n<ul>\n<li>15 f\u00e9vrier 2015<\/li>\n<\/ul>\n<\/ul>\n<\/ul>\n<\/ul>\n<\/ul>\n<\/ul>\n<\/ul>\n<\/ul>\n<\/ul>\n<p><a href=\"http:\/\/absi.ch\/new\/2015\/02\/eucharistie-15-2-2015-2\/\">Maladie et gu\u00e9rison, marginalisation et mort<\/a><\/p>\n<p>[\/one_sixth][one_sixth]<\/p>\n<ul>\n<ul>\n<ul>\n<ul>\n<ul>\n<ul>\n<ul>\n<ul>\n<ul>\n<li>8 f\u00e9vrier 2015<\/li>\n<\/ul>\n<\/ul>\n<\/ul>\n<\/ul>\n<\/ul>\n<\/ul>\n<\/ul>\n<\/ul>\n<\/ul>\n<p><a href=\"http:\/\/absi.ch\/new\/2015\/02\/eucharistie-8-2-2015\/\">Vivre dans la souffrance et prier en silence<\/a><\/p>\n<ul>\n<ul>\n<ul>\n<ul>\n<ul>\n<ul>\n<ul>\n<ul>\n<ul>\n<li>1 f\u00e9vrier 2015<\/li>\n<\/ul>\n<\/ul>\n<\/ul>\n<\/ul>\n<\/ul>\n<\/ul>\n<\/ul>\n<\/ul>\n<\/ul>\n<p><a href=\"http:\/\/absi.ch\/new\/2015\/02\/eucharistie-1-2-2015\/\">\u00abAujourd\u2019hui, si vous \u00e9coutiez sa voix&#8230; !\u00bb (Ps 95,7)<\/a><\/p>\n<ul>\n<ul>\n<ul>\n<ul>\n<ul>\n<ul>\n<ul>\n<ul>\n<ul>\n<li>25 janvier 2015<\/li>\n<\/ul>\n<\/ul>\n<\/ul>\n<\/ul>\n<\/ul>\n<\/ul>\n<\/ul>\n<\/ul>\n<\/ul>\n<p><a href=\"http:\/\/absi.ch\/new\/2015\/01\/eucharistie-25-1-2015-2\/\">\u00abSur ta parole, je veux changer\u00bb<\/a><\/p>\n<ul>\n<ul>\n<ul>\n<ul>\n<ul>\n<ul>\n<ul>\n<ul>\n<ul>\n<li>18 janvier 2015<\/li>\n<\/ul>\n<\/ul>\n<\/ul>\n<\/ul>\n<\/ul>\n<\/ul>\n<\/ul>\n<\/ul>\n<\/ul>\n<p><a href=\"http:\/\/absi.ch\/new\/2015\/01\/eucharistie-18-1-2015\/\">\u00abAlors j\u2019ai dit: Me voici, je viens\u00bb (Ps 40,8)<\/a><\/p>\n<ul>\n<ul>\n<ul>\n<ul>\n<ul>\n<ul>\n<ul>\n<ul>\n<ul>\n<li>11 janvier 2015<\/li>\n<\/ul>\n<\/ul>\n<\/ul>\n<\/ul>\n<\/ul>\n<\/ul>\n<\/ul>\n<\/ul>\n<\/ul>\n<p><a href=\"http:\/\/absi.ch\/new\/2015\/01\/eucharistie-11-1-2015\/\">Nous: une nation qui \u00abcourra vers toi\u00bb (Is 55,5)<\/a><\/p>\n<ul>\n<ul>\n<ul>\n<ul>\n<ul>\n<ul>\n<ul>\n<ul>\n<ul>\n<li>4 janvier 2015<\/li>\n<\/ul>\n<\/ul>\n<\/ul>\n<\/ul>\n<\/ul>\n<\/ul>\n<\/ul>\n<\/ul>\n<\/ul>\n<p><a href=\"http:\/\/absi.ch\/new\/2015\/01\/eucharistie_4-1-2015-rp\/\">Epiphanie: \u00e0 la d\u00e9couverte d\u2019un roi surprenant<\/a><\/p>\n<ul>\n<ul>\n<ul>\n<ul>\n<ul>\n<ul>\n<ul>\n<ul>\n<ul>\n<li>1 janvier 2015<\/li>\n<\/ul>\n<\/ul>\n<\/ul>\n<\/ul>\n<\/ul>\n<\/ul>\n<\/ul>\n<\/ul>\n<\/ul>\n<p><a href=\"http:\/\/absi.ch\/new\/2014\/12\/eucharistie_1-1-2015-rp\/\">\u00abJe veux rechercher le bien pour toi\u00bb (Ps 122,9)<\/a><\/p>\n<p>[\/one_sixth][one_sixth][\/one_sixth][one_sixth][\/one_sixth][one_sixth][\/one_sixth][\/layout_group][\/layout]<\/p>\n<div id=\"themify_builder_content-4861\" data-postid=\"4861\" class=\"themify_builder_content themify_builder_content-4861 themify_builder\">\n    <\/div>\n<!-- \/themify_builder_content -->\n","protected":false},"excerpt":{"rendered":"<p>[layout][layout_group][one_sixth] Lectures pour l&#8217;Afrique et&#8230;toute la Terre di Renzo Petraglio &nbsp; \u00a0L&#8217;eucarestia vetrata nella Chiesa di Nostra Signora di Loreto (Trapani)\u00a0 di Roberto Alabiso &nbsp; &gt; testi fino al 30.03.2014 (sito precedente) &gt; 2014\u00a0\u00a0 &gt; 2016 [\/one_sixth][one_sixth] 2015 20 decembre 2015 \u00abFais briller sur nous ton visage et nous serons sauv\u00e9s\u00bb (Ps 80,4) 13 decembre [&hellip;]<\/p>\n","protected":false},"author":1,"featured_media":0,"parent":0,"menu_order":0,"comment_status":"closed","ping_status":"open","template":"","meta":{"footnotes":""},"class_list":["post-4861","page","type-page","status-publish","hentry","has-post-title","no-post-date","has-post-category","has-post-tag","has-post-comment","has-post-author",""],"builder_content":"","_links":{"self":[{"href":"https:\/\/absi.ch\/new\/wp-json\/wp\/v2\/pages\/4861","targetHints":{"allow":["GET"]}}],"collection":[{"href":"https:\/\/absi.ch\/new\/wp-json\/wp\/v2\/pages"}],"about":[{"href":"https:\/\/absi.ch\/new\/wp-json\/wp\/v2\/types\/page"}],"author":[{"embeddable":true,"href":"https:\/\/absi.ch\/new\/wp-json\/wp\/v2\/users\/1"}],"replies":[{"embeddable":true,"href":"https:\/\/absi.ch\/new\/wp-json\/wp\/v2\/comments?post=4861"}],"version-history":[{"count":52,"href":"https:\/\/absi.ch\/new\/wp-json\/wp\/v2\/pages\/4861\/revisions"}],"predecessor-version":[{"id":6756,"href":"https:\/\/absi.ch\/new\/wp-json\/wp\/v2\/pages\/4861\/revisions\/6756"}],"wp:attachment":[{"href":"https:\/\/absi.ch\/new\/wp-json\/wp\/v2\/media?parent=4861"}],"curies":[{"name":"wp","href":"https:\/\/api.w.org\/{rel}","templated":true}]}}