{"id":889,"date":"2014-04-08T22:32:49","date_gmt":"2014-04-08T22:32:49","guid":{"rendered":"http:\/\/absi.ch\/new\/?page_id=889"},"modified":"2021-03-13T17:37:07","modified_gmt":"2021-03-13T16:37:07","slug":"monografie","status":"publish","type":"page","link":"https:\/\/absi.ch\/new\/monografie\/","title":{"rendered":"Monografie"},"content":{"rendered":"<p>[layout][layout_group][one_sixth]<\/p>\n<h2>Monografie<\/h2>\n<h5>Elenco delle edizioni<\/h5>\n<p>&nbsp;<\/p>\n<p>Dalla sua fondazione l\u2019Associazione Biblica della Svizzera Italiana ha avuto un periodico ufficiale: \u201cParola&amp;parole\u201d, un fascicolo dalla copertina di color arancione, edito tre volte all\u2019anno, che ha ospitato e ospita articoli di riflessione e approfondimento su testi o temi inerenti le scritture bibliche o i rapporti tra testi biblici e altri ambiti della cultura universale. A questa serie in ogni numero tematicamente eterogenea si \u00e8 presto aggiunta la serie \u201cParola&amp;parole \u2013 monografie\u201d: in volumetti dalla copertina di colore verde o, pi\u00f9 raramente, giallo, sono stati pubblicati contributi di carattere spiccatamente monografico.<\/p>\n<p>Perch\u00e9 intitolare queste pubblicazioni \u201cParola&amp;parole\u201d? Il motivo \u00e8 semplice e suggestivo: l\u2019attenzione a quella che per ebrei e cristiani contiene o \u00e8 parola con la \u201cP\u201d maiuscola, cio\u00e8 divina \u00e8 stata ed \u00e8 possibile anzitutto attraverso tante parole con la \u201cp\u201d minuscola, ossia umane. Esse sono la modalit\u00e0 in cui la Parola di Dio \u00e8 divenuta disponibile all\u2019umanit\u00e0. Le nostre modeste pubblicazioni intendono dare un contributo, per quanto possibile, a questo processo di comunicazione e di formazione culturale tanto difficile quanto entusiasmante. Tutti coloro che vorranno farci pervenire osservazioni critiche migliorative rispetto a questa parte fondamentale dell\u2019attivit\u00e0 di absi, saranno i benvenuti\u2026<\/p>\n<p>[\/one_sixth][one_sixth]<\/p>\n<pre><a href=\"http:\/\/absi.ch\/old\/?q=monografie\" target=\"_blank\" rel=\"noopener noreferrer\">&gt; Edizioni precedenti<\/a><\/pre>\n<p>&nbsp;<\/p>\n<ul>\n<li>Dicembre 2014 &#8211; Numero 17<\/li>\n<\/ul>\n<p style=\"padding-left: 30px;\"><a href=\"http:\/\/absi.ch\/new\/portfolio\/monografie-no-17-dicembre-2014\/\"><em>Patriarchi e matriarche nel Primo Testamento<\/em><\/a><\/p>\n<ul>\n<li>Marzo 2014 &#8211; Numero 16<\/li>\n<\/ul>\n<p style=\"padding-left: 30px;\"><em><a href=\"http:\/\/absi.ch\/new\/portfolio\/mono16-marzo2014\/\">Credere fa vivere<\/a><\/em><\/p>\n<ul>\n<li>Febbraio 2014 &#8211; Numero 15<\/li>\n<\/ul>\n<p style=\"padding-left: 30px;\"><a href=\"http:\/\/absi.ch\/new\/portfolio\/mono15-feb2014\/\"><em>Per iniziare a leggere la Bibbia<\/em><\/a><\/p>\n<p>&nbsp;<\/p>\n<p>[\/one_sixth][one_sixth][\/one_sixth][one_sixth][\/one_sixth][one_sixth][\/one_sixth][one_sixth][\/one_sixth][\/layout_group][\/layout]<\/p>\n\n<div id=\"themify_builder_content-889\" data-postid=\"889\" class=\"themify_builder_content themify_builder_content-889 themify_builder\">\n    <\/div>\n\n","protected":false},"excerpt":{"rendered":"<p>[layout][layout_group][one_sixth] Monografie Elenco delle edizioni &nbsp; Dalla sua fondazione l\u2019Associazione Biblica della Svizzera Italiana ha avuto un periodico ufficiale: \u201cParola&amp;parole\u201d, un fascicolo dalla copertina di color arancione, edito tre volte all\u2019anno, che ha ospitato e ospita articoli di riflessione e approfondimento su testi o temi inerenti le scritture bibliche o i rapporti tra testi biblici [&hellip;]<\/p>\n","protected":false},"author":1,"featured_media":0,"parent":0,"menu_order":0,"comment_status":"closed","ping_status":"open","template":"","meta":{"footnotes":""},"class_list":["post-889","page","type-page","status-publish","hentry","has-post-title","no-post-date","has-post-category","has-post-tag","has-post-comment","has-post-author",""],"builder_content":"","_links":{"self":[{"href":"https:\/\/absi.ch\/new\/wp-json\/wp\/v2\/pages\/889","targetHints":{"allow":["GET"]}}],"collection":[{"href":"https:\/\/absi.ch\/new\/wp-json\/wp\/v2\/pages"}],"about":[{"href":"https:\/\/absi.ch\/new\/wp-json\/wp\/v2\/types\/page"}],"author":[{"embeddable":true,"href":"https:\/\/absi.ch\/new\/wp-json\/wp\/v2\/users\/1"}],"replies":[{"embeddable":true,"href":"https:\/\/absi.ch\/new\/wp-json\/wp\/v2\/comments?post=889"}],"version-history":[{"count":13,"href":"https:\/\/absi.ch\/new\/wp-json\/wp\/v2\/pages\/889\/revisions"}],"predecessor-version":[{"id":16081,"href":"https:\/\/absi.ch\/new\/wp-json\/wp\/v2\/pages\/889\/revisions\/16081"}],"wp:attachment":[{"href":"https:\/\/absi.ch\/new\/wp-json\/wp\/v2\/media?parent=889"}],"curies":[{"name":"wp","href":"https:\/\/api.w.org\/{rel}","templated":true}]}}