{"id":970,"date":"2014-04-09T20:51:18","date_gmt":"2014-04-09T20:51:18","guid":{"rendered":"http:\/\/absi.ch\/new\/?page_id=970"},"modified":"2014-04-14T15:14:01","modified_gmt":"2014-04-14T15:14:01","slug":"benvenuti-2","status":"publish","type":"page","link":"https:\/\/absi.ch\/new\/benvenuti-2\/","title":{"rendered":"BENVENUTI!"},"content":{"rendered":"<p>[layout][layout_group][one_third]<\/p>\n<h4 align=\"CENTER\"><span style=\"font-family: Century Gothic;\">LEGGERE LA BIBBIA NELLA VITA DI TUTTI<\/span><\/h4>\n<h4 align=\"CENTER\"><span style=\"font-family: Century Gothic;\">LIRE LA BIBLE DANS L\u2019EXISTENCE DE TOUT LE MONDE<\/span><\/h4>\n<h4 align=\"CENTER\"><span style=\"font-family: Century Gothic;\">DIE BIBEL LESEN <\/span><span style=\"font-family: Century Gothic;\">IM LEBEN ALLER MENSCHEN<br \/>\n<\/span><\/h4>\n<h4 align=\"CENTER\"><span style=\"font-family: Century Gothic;\">LA LECTURA DE LA BIBLIA EN LA VIDA DE TODOS<\/span><\/h4>\n<h4 align=\"CENTER\"><span style=\"font-family: Century Gothic;\">A LEITURA DA BIBLIA NA VIDA DE TODOS<\/span><\/h4>\n<h4 align=\"CENTER\"><span style=\"font-family: Century Gothic;\">READING THE BIBLE IN EVERYBODY\u2019S LIFE<\/span><\/h4>\n<p>&nbsp;<\/p>\n<p style=\"text-align: justify;\">Care lettrici, Cari lettori,<\/p>\n<p style=\"text-align: justify;\">vi diamo il nostro pi\u00f9 cordiale benvenuto all\u2019ingresso del sito, del tutto nuovo, dell\u2019Associazione Biblica della Svizzera Italiana (= absi). Il rapporto tra le Scritture bibliche \u2013 nelle raccolte della Bibbia ebraica\/Primo Testamento e del Nuovo Testamento \u2013 e la vita concreta, dall\u2019antichit\u00e0 alla nostra contemporaneit\u00e0, \u00e8 stato ed \u00e8 il centro della nostra attenzione. Centinaia di iniziative \u2013 incontri, conferenze, pubblicazioni cartacee, registrazioni internet \u2013 sono state e sono le modalit\u00e0 con le quali abbiamo cercato e cerchiamo di operare. Con quale obiettivo? Quello di una lettura dei testi biblici e una conoscenza dei valori etici ed estetici che ne emergono secondo seriet\u00e0, passione e dinamicit\u00e0. Non ci interessa creare o rafforzare separazioni e barriere tra chi dice di essere credente e chi sostiene di non esserlo. Pensiamo che le persone abbiano, in genere, identit\u00e0 culturali varie. Il nostro compito \u00e8 quello di offrire occasioni di formazione molteplici in cui donne e uomini, giovani e anziani possano confrontarsi con i testi biblici in modo intelligente ed appassionato, al di fuori di ogni fondamentalismo, sia esso clericale o laicista. Ogni giorno, da circa un anno e mezzo a questa parte, sono oltre duecento in media le persone che visitano questo nostro sito. Ci auguriamo che possano essere sempre di pi\u00f9. Faremo di tutto per risultare sempre meglio all\u2019altezza della responsabilit\u00e0 formativa che questo evidente consenso ci affida. Ci\u00f2 implica non soltanto ideare e organizzare iniziative sempre pi\u00f9 efficaci, ma anche contribuire a far conoscere e diffondere notizie e opportunit\u00e0 di conoscenza della Bibbia, in Svizzera e altrove, che ci sembrino degne di nota\u2026E chi volesse diventare socia o socio absi, sar\u00e0 graditissima\/o. Infatti abbiamo sempre bisogno di risorse ideali e materiali nuove per poter migliorare costantemente quello che facciamo.<\/p>\n<p align=\"CENTER\">[\/one_third][one_third]<\/p>\n<p>&nbsp;<\/p>\n<p>&nbsp;<\/p>\n<p>&nbsp;<\/p>\n<p align=\"CENTER\"><a href=\"http:\/\/absi.ch\/new\/wp-content\/uploads\/2014\/04\/bibbia3c.jpg\"><img loading=\"lazy\" decoding=\"async\" class=\"wp-image-1383 aligncenter\" alt=\"bibbia3c\" src=\"http:\/\/absi.ch\/new\/wp-content\/uploads\/2014\/04\/bibbia3c.jpg\" width=\"477\" height=\"657\" srcset=\"https:\/\/absi.ch\/new\/wp-content\/uploads\/2014\/04\/bibbia3c.jpg 921w, https:\/\/absi.ch\/new\/wp-content\/uploads\/2014\/04\/bibbia3c-217x300.jpg 217w\" sizes=\"auto, (max-width: 477px) 100vw, 477px\" \/><\/a><\/p>\n<p align=\"CENTER\">[\/one_third][one_third][\/one_third][\/layout_group][\/layout]<\/p>\n<div id=\"themify_builder_content-970\" data-postid=\"970\" class=\"themify_builder_content themify_builder_content-970 themify_builder\">\n    <\/div>\n<!-- \/themify_builder_content -->\n","protected":false},"excerpt":{"rendered":"<p>[layout][layout_group][one_third] LEGGERE LA BIBBIA NELLA VITA DI TUTTI LIRE LA BIBLE DANS L\u2019EXISTENCE DE TOUT LE MONDE DIE BIBEL LESEN IM LEBEN ALLER MENSCHEN LA LECTURA DE LA BIBLIA EN LA VIDA DE TODOS A LEITURA DA BIBLIA NA VIDA DE TODOS READING THE BIBLE IN EVERYBODY\u2019S LIFE &nbsp; Care lettrici, Cari lettori, vi diamo [&hellip;]<\/p>\n","protected":false},"author":1,"featured_media":0,"parent":0,"menu_order":0,"comment_status":"closed","ping_status":"open","template":"","meta":{"footnotes":""},"class_list":["post-970","page","type-page","status-publish","hentry","has-post-title","no-post-date","has-post-category","has-post-tag","has-post-comment","has-post-author",""],"builder_content":"","_links":{"self":[{"href":"https:\/\/absi.ch\/new\/wp-json\/wp\/v2\/pages\/970","targetHints":{"allow":["GET"]}}],"collection":[{"href":"https:\/\/absi.ch\/new\/wp-json\/wp\/v2\/pages"}],"about":[{"href":"https:\/\/absi.ch\/new\/wp-json\/wp\/v2\/types\/page"}],"author":[{"embeddable":true,"href":"https:\/\/absi.ch\/new\/wp-json\/wp\/v2\/users\/1"}],"replies":[{"embeddable":true,"href":"https:\/\/absi.ch\/new\/wp-json\/wp\/v2\/comments?post=970"}],"version-history":[{"count":29,"href":"https:\/\/absi.ch\/new\/wp-json\/wp\/v2\/pages\/970\/revisions"}],"predecessor-version":[{"id":1399,"href":"https:\/\/absi.ch\/new\/wp-json\/wp\/v2\/pages\/970\/revisions\/1399"}],"wp:attachment":[{"href":"https:\/\/absi.ch\/new\/wp-json\/wp\/v2\/media?parent=970"}],"curies":[{"name":"wp","href":"https:\/\/api.w.org\/{rel}","templated":true}]}}